{"id":1272,"date":"2018-08-29T19:38:41","date_gmt":"2018-08-29T22:38:41","guid":{"rendered":"https:\/\/isfdyt48-bue.infd.edu.ar\/sitio\/biblioteca\/"},"modified":"2024-04-17T11:14:38","modified_gmt":"2024-04-17T14:14:38","slug":"biblioteca","status":"publish","type":"page","link":"https:\/\/isfdyt48-bue.infd.edu.ar\/sitio\/biblioteca\/","title":{"rendered":"Biblioteca"},"content":{"rendered":"\n<p>La biblioteca se concibe como una organizaci\u00f3n, un espacio educativo abierto, un centro de recursos bibliogr\u00e1ficos, documentales y multimediales, que brinda servicios de calidad dando respuesta a las necesidades acad\u00e9micas de todos los miembros de la comunidad educativa. La biblioteca es una parte fundamental del proyecto del instituto, su organizaci\u00f3n, funcionamiento y las acti-vidades que realiza fortalecen la pr\u00e1ctica pedag\u00f3gica, estimulan el acercamiento al libro y el desarrollo de competencias comunica-tivas dirigidas a la formaci\u00f3n de docentes, t\u00e9cnicos y profesionales. La biblioteca escolar tambi\u00e9n como espacio social, favorece el encuentro con otros sujetos e instituciones del entorno social, cultural y productivo colaborando con otras bibliotecas escolares, populares, centros culturales e instituciones del \u00e1mbito de la producci\u00f3n.<\/p>\n\n\n\n<p class=\"has-medium-font-size\"><\/p>\n\n\n\n<p><strong>HORARIOS<\/strong><\/p>\n\n\n\n<p>Juliana Cejas &#8211; Lunes a Viernes de 7.30 a 12hs<\/p>\n\n\n\n<p>Ana Cornejo &#8211; Lunes a Viernes de 13 a 22hs<\/p>\n\n\n\n<p><strong>Contacto<\/strong>: bibliotecadel48@gmail.com<\/p>\n\n\n\n<p class=\"has-medium-font-size\"><\/p>\n\n\n\n<div style=\"height:20px\" aria-hidden=\"true\" class=\"wp-block-spacer\"><\/div>\n\n\n\n<p><a rel=\"noreferrer noopener\" href=\"https:\/\/isfdyt48-bue.infd.edu.ar\/sitio\/wp-content\/uploads\/2021\/09\/Reglamento-Biblioteca-I48.pdf\" target=\"_blank\">Reglamento de Biblioteca<\/a><\/p>\n\n\n\n<p><\/p>\n\n\n\n<p><a href=\"https:\/\/isfdyt48-bue.infd.edu.ar\/sitio\/proyectos-materias-i-s-f-d-y-t-no-48\/\" target=\"_blank\" rel=\"noreferrer noopener\">Proyectos de C\u00e1tedra<\/a><\/p>\n\n\n\n<p><\/p>\n","protected":false},"excerpt":{"rendered":"<p>La biblioteca se concibe como una organizaci\u00f3n, un espacio educativo abierto, un centro de recursos bibliogr\u00e1ficos, documentales y multimediales, que brinda servicios de calidad dando respuesta a las necesidades acad\u00e9micas de todos los miembros de la comunidad educativa. La biblioteca es una parte fundamental del proyecto del instituto, su organizaci\u00f3n, funcionamiento y las acti-vidades que &#8230; <a title=\"Biblioteca\" class=\"read-more\" href=\"https:\/\/isfdyt48-bue.infd.edu.ar\/sitio\/biblioteca\/\" aria-label=\"More on Biblioteca\">[+]<\/a><\/p>\n","protected":false},"author":135,"featured_media":0,"parent":0,"menu_order":0,"comment_status":"closed","ping_status":"closed","template":"","meta":[],"acf":[],"_links":{"self":[{"href":"https:\/\/isfdyt48-bue.infd.edu.ar\/sitio\/wp-json\/wp\/v2\/pages\/1272"}],"collection":[{"href":"https:\/\/isfdyt48-bue.infd.edu.ar\/sitio\/wp-json\/wp\/v2\/pages"}],"about":[{"href":"https:\/\/isfdyt48-bue.infd.edu.ar\/sitio\/wp-json\/wp\/v2\/types\/page"}],"author":[{"embeddable":true,"href":"https:\/\/isfdyt48-bue.infd.edu.ar\/sitio\/wp-json\/wp\/v2\/users\/135"}],"replies":[{"embeddable":true,"href":"https:\/\/isfdyt48-bue.infd.edu.ar\/sitio\/wp-json\/wp\/v2\/comments?post=1272"}],"version-history":[{"count":12,"href":"https:\/\/isfdyt48-bue.infd.edu.ar\/sitio\/wp-json\/wp\/v2\/pages\/1272\/revisions"}],"predecessor-version":[{"id":5344,"href":"https:\/\/isfdyt48-bue.infd.edu.ar\/sitio\/wp-json\/wp\/v2\/pages\/1272\/revisions\/5344"}],"wp:attachment":[{"href":"https:\/\/isfdyt48-bue.infd.edu.ar\/sitio\/wp-json\/wp\/v2\/media?parent=1272"}],"curies":[{"name":"wp","href":"https:\/\/api.w.org\/{rel}","templated":true}]}}

<p>La biblioteca se concibe como una organización, un espacio educativo abierto, un centro de recursos bibliográficos, documentales y multimediales, que brinda servicios de calidad dando respuesta a las necesidades académicas de todos los miembros de la comunidad educativa. La biblioteca es una parte fundamental del proyecto del instituto, su organización, funcionamiento y las acti-vidades que realiza fortalecen la práctica pedagógica, estimulan el acercamiento al libro y el desarrollo de competencias comunica-tivas dirigidas a la formación de docentes, técnicos y profesionales. La biblioteca escolar también como espacio social, favorece el encuentro con otros sujetos e instituciones del entorno social, cultural y productivo colaborando con otras bibliotecas escolares, populares, centros culturales e instituciones del ámbito de la producción.</p>



<p class="has-medium-font-size"></p>



<p><strong>HORARIOS</strong></p>



<p>Juliana Cejas &#8211; Lunes a Viernes de 7.30 a 12hs</p>



<p>Ana Cornejo &#8211; Lunes a Viernes de 13 a 22hs</p>



<p><strong>Contacto</strong>: bibliotecadel48@gmail.com</p>



<p class="has-medium-font-size"></p>



<div style="height:20px" aria-hidden="true" class="wp-block-spacer"></div>



<p><a rel="noreferrer noopener" href="https://isfdyt48-bue.infd.edu.ar/sitio/wp-content/uploads/2021/09/Reglamento-Biblioteca-I48.pdf" target="_blank">Reglamento de Biblioteca</a></p>



<p></p>



<p><a href="https://isfdyt48-bue.infd.edu.ar/sitio/proyectos-materias-i-s-f-d-y-t-no-48/" target="_blank" rel="noreferrer noopener">Proyectos de Cátedra</a></p>



<p></p>

<p>La biblioteca se concibe como una organización, un espacio educativo abierto, un centro de recursos bibliográficos, documentales y multimediales, que brinda servicios de calidad dando respuesta a las necesidades académicas de todos los miembros de la comunidad educativa. La biblioteca es una parte fundamental del proyecto del instituto, su organización, funcionamiento y las acti-vidades que &#8230; <a title="Biblioteca" class="read-more" href="https://isfdyt48-bue.infd.edu.ar/sitio/biblioteca/" aria-label="More on Biblioteca">[+]</a></p>
