{"id":1336,"date":"2018-08-29T19:39:05","date_gmt":"2018-08-29T22:39:05","guid":{"rendered":"https:\/\/isfdyt48-bue.infd.edu.ar\/sitio\/ultimas-incorporaciones-noviembre-2014\/"},"modified":"2024-03-14T09:07:00","modified_gmt":"2024-03-14T12:07:00","slug":"ep","status":"publish","type":"page","link":"https:\/\/isfdyt48-bue.infd.edu.ar\/sitio\/ep\/","title":{"rendered":"Profesorado en Educaci\u00f3n Primaria"},"content":{"rendered":"\n<p class=\"has-normal-font-size\"><strong>Profesorado de Educaci\u00f3n Primaria <\/strong><\/p>\n\n\n\n<p class=\"has-normal-font-size\"><strong>RM 4154\/07<\/strong><\/p>\n\n\n\n<p class=\"has-normal-font-size\"><strong>Carga Horaria Total 2816 Hs<\/strong><\/p>\n\n\n\n<figure class=\"wp-block-image size-large\"><img decoding=\"async\" src=\"https:\/\/isfdyt48-bue.infd.edu.ar\/sitio\/wp-content\/uploads\/2021\/09\/Plan-de-Estudios_PFPRI.jpg\" alt=\"\"\/><\/figure>\n\n\n\n<p>Podes Descargarlo <a href=\"https:\/\/isfdyt48-bue.infd.edu.ar\/sitio\/wp-content\/uploads\/2021\/09\/Plan-de-Estudios_PFPRI.jpg\" target=\"_blank\" rel=\"noreferrer noopener\">aqu\u00ed<\/a><\/p>\n\n\n\n<p>Podes Descargar el Plan de Correlatividades haciendo click <a href=\"https:\/\/isfdyt48-bue.infd.edu.ar\/sitio\/wp-content\/uploads\/2024\/03\/Correlatividades-PFPRI.pdf\" target=\"_blank\" rel=\"noreferrer noopener\">aqu\u00ed<\/a><\/p>\n\n\n\n<p><a href=\"https:\/\/isfdyt48-bue.infd.edu.ar\/sitio\/wp-content\/uploads\/2021\/09\/Diseno-EP.pdf\" target=\"_blank\" rel=\"noreferrer noopener\">Descargar Die\u00f1o Curricular<\/a><\/p>\n\n\n\n<p><a href=\"https:\/\/isfdyt48-bue.infd.edu.ar\/sitio\/wp-content\/uploads\/sitio\/PROFESORADO_DE_EDUCACION_PRIMARIA.doc\" target=\"_blank\" rel=\"noreferrer noopener\">Rol Profesional &#8211; Campo Laboral<\/a><\/p>\n\n\n\n<p style=\"font-size:50px\"><\/p>\n\n\n<div class=\"wp-block-image\">\n<figure class=\"aligncenter size-large is-resized\"><img decoding=\"async\" loading=\"lazy\" src=\"https:\/\/isfdyt48-bue.infd.edu.ar\/sitio\/wp-content\/uploads\/2021\/10\/Cursada_EP.jpg\" alt=\"\" class=\"wp-image-4614\" width=\"536\" height=\"539\" srcset=\"https:\/\/isfdyt48-bue.infd.edu.ar\/sitio\/wp-content\/uploads\/2021\/10\/Cursada_EP.jpg 1071w, https:\/\/isfdyt48-bue.infd.edu.ar\/sitio\/wp-content\/uploads\/2021\/10\/Cursada_EP-994x1000.jpg 994w, https:\/\/isfdyt48-bue.infd.edu.ar\/sitio\/wp-content\/uploads\/2021\/10\/Cursada_EP-768x773.jpg 768w\" sizes=\"(max-width: 536px) 100vw, 536px\" \/><\/figure><\/div>","protected":false},"excerpt":{"rendered":"<p>Profesorado de Educaci\u00f3n Primaria RM 4154\/07 Carga Horaria Total 2816 Hs Podes Descargarlo aqu\u00ed Podes Descargar el Plan de Correlatividades haciendo click aqu\u00ed Descargar Die\u00f1o Curricular Rol Profesional &#8211; Campo Laboral<\/p>\n","protected":false},"author":135,"featured_media":0,"parent":0,"menu_order":0,"comment_status":"closed","ping_status":"closed","template":"","meta":[],"acf":[],"_links":{"self":[{"href":"https:\/\/isfdyt48-bue.infd.edu.ar\/sitio\/wp-json\/wp\/v2\/pages\/1336"}],"collection":[{"href":"https:\/\/isfdyt48-bue.infd.edu.ar\/sitio\/wp-json\/wp\/v2\/pages"}],"about":[{"href":"https:\/\/isfdyt48-bue.infd.edu.ar\/sitio\/wp-json\/wp\/v2\/types\/page"}],"author":[{"embeddable":true,"href":"https:\/\/isfdyt48-bue.infd.edu.ar\/sitio\/wp-json\/wp\/v2\/users\/135"}],"replies":[{"embeddable":true,"href":"https:\/\/isfdyt48-bue.infd.edu.ar\/sitio\/wp-json\/wp\/v2\/comments?post=1336"}],"version-history":[{"count":125,"href":"https:\/\/isfdyt48-bue.infd.edu.ar\/sitio\/wp-json\/wp\/v2\/pages\/1336\/revisions"}],"predecessor-version":[{"id":5340,"href":"https:\/\/isfdyt48-bue.infd.edu.ar\/sitio\/wp-json\/wp\/v2\/pages\/1336\/revisions\/5340"}],"wp:attachment":[{"href":"https:\/\/isfdyt48-bue.infd.edu.ar\/sitio\/wp-json\/wp\/v2\/media?parent=1336"}],"curies":[{"name":"wp","href":"https:\/\/api.w.org\/{rel}","templated":true}]}}

Profesorado en Educación Primaria

<p class="has-normal-font-size"><strong>Profesorado de Educación Primaria </strong></p>



<p class="has-normal-font-size"><strong>RM 4154/07</strong></p>



<p class="has-normal-font-size"><strong>Carga Horaria Total 2816 Hs</strong></p>



<figure class="wp-block-image size-large"><img decoding="async" src="https://isfdyt48-bue.infd.edu.ar/sitio/wp-content/uploads/2021/09/Plan-de-Estudios_PFPRI.jpg" alt=""/></figure>



<p>Podes Descargarlo <a href="https://isfdyt48-bue.infd.edu.ar/sitio/wp-content/uploads/2021/09/Plan-de-Estudios_PFPRI.jpg" target="_blank" rel="noreferrer noopener">aquí</a></p>



<p>Podes Descargar el Plan de Correlatividades haciendo click <a href="https://isfdyt48-bue.infd.edu.ar/sitio/wp-content/uploads/2024/03/Correlatividades-PFPRI.pdf" target="_blank" rel="noreferrer noopener">aquí</a></p>



<p><a href="https://isfdyt48-bue.infd.edu.ar/sitio/wp-content/uploads/2021/09/Diseno-EP.pdf" target="_blank" rel="noreferrer noopener">Descargar Dieño Curricular</a></p>



<p><a href="https://isfdyt48-bue.infd.edu.ar/sitio/wp-content/uploads/sitio/PROFESORADO_DE_EDUCACION_PRIMARIA.doc" target="_blank" rel="noreferrer noopener">Rol Profesional &#8211; Campo Laboral</a></p>



<p style="font-size:50px"></p>


<div class="wp-block-image">
<figure class="aligncenter size-large is-resized"><img decoding="async" loading="lazy" src="https://isfdyt48-bue.infd.edu.ar/sitio/wp-content/uploads/2021/10/Cursada_EP.jpg" alt="" class="wp-image-4614" width="536" height="539" srcset="https://isfdyt48-bue.infd.edu.ar/sitio/wp-content/uploads/2021/10/Cursada_EP.jpg 1071w, https://isfdyt48-bue.infd.edu.ar/sitio/wp-content/uploads/2021/10/Cursada_EP-994x1000.jpg 994w, https://isfdyt48-bue.infd.edu.ar/sitio/wp-content/uploads/2021/10/Cursada_EP-768x773.jpg 768w" sizes="(max-width: 536px) 100vw, 536px" /></figure></div>

<p>Profesorado de Educación Primaria RM 4154/07 Carga Horaria Total 2816 Hs Podes Descargarlo aquí Podes Descargar el Plan de Correlatividades haciendo click aquí Descargar Dieño Curricular Rol Profesional &#8211; Campo Laboral</p>
