{"id":1651,"date":"2020-03-16T11:12:35","date_gmt":"2020-03-16T14:12:35","guid":{"rendered":"https:\/\/isfdyt48-bue.infd.edu.ar\/sitio\/?page_id=1651"},"modified":"2025-03-17T09:46:25","modified_gmt":"2025-03-17T12:46:25","slug":"profesorado-en-lengua-y-literatura","status":"publish","type":"page","link":"https:\/\/isfdyt48-bue.infd.edu.ar\/sitio\/profesorado-en-lengua-y-literatura\/","title":{"rendered":"Profesorado en Lengua y Literatura"},"content":{"rendered":"\n<p class=\"has-normal-font-size\"><strong>Profesorado de Lengua y Literatura<\/strong><\/p>\n\n\n\n<p class=\"has-normal-font-size\"><strong>RM 1862\/17<\/strong><\/p>\n\n\n\n<p class=\"has-normal-font-size\"><strong>Carga Horaria Total 3104 Hs<\/strong><\/p>\n\n\n\n<figure class=\"wp-block-image size-large\"><img decoding=\"async\" src=\"https:\/\/isfdyt48-bue.infd.edu.ar\/sitio\/wp-content\/uploads\/2021\/09\/Plan-de-Estudios_PESLE.jpg\" alt=\"\"\/><\/figure>\n\n\n\n<p>Podes Descargarlo <a href=\"https:\/\/isfdyt48-bue.infd.edu.ar\/sitio\/wp-content\/uploads\/2021\/09\/Plan-de-Estudios_PESLE.jpg\" target=\"_blank\" rel=\"noreferrer noopener\">aqu\u00ed<\/a><\/p>\n\n\n\n<p>Podes Descargar el Plan de Correlatividades hacienco click <a href=\"https:\/\/isfdyt48-bue.infd.edu.ar\/sitio\/wp-content\/uploads\/2025\/03\/CORRELATIVIDADES-PFLEN_2025.pdf\" target=\"_blank\" rel=\"noreferrer noopener\">aqu\u00ed<\/a><\/p>\n\n\n\n<p><a href=\"https:\/\/isfdyt48-bue.infd.edu.ar\/sitio\/wp-content\/uploads\/2020\/02\/DISE%C3%91O-CURRICULAR-DE-LENGUA-Y-LITERATURA-nuevo-2018.pdf\" target=\"_blank\" rel=\"noreferrer noopener\">Descargar Dise\u00f1o Curricular<\/a><\/p>\n\n\n\n<p style=\"font-size:50px\"><\/p>\n\n\n<div class=\"wp-block-image\">\n<figure class=\"aligncenter size-large is-resized\"><img decoding=\"async\" loading=\"lazy\" src=\"https:\/\/isfdyt48-bue.infd.edu.ar\/sitio\/wp-content\/uploads\/2021\/10\/Cursada_Lengua-y-Literatura.jpg\" alt=\"\" class=\"wp-image-4616\" width=\"536\" height=\"538\" srcset=\"https:\/\/isfdyt48-bue.infd.edu.ar\/sitio\/wp-content\/uploads\/2021\/10\/Cursada_Lengua-y-Literatura.jpg 1071w, https:\/\/isfdyt48-bue.infd.edu.ar\/sitio\/wp-content\/uploads\/2021\/10\/Cursada_Lengua-y-Literatura-996x1000.jpg 996w, https:\/\/isfdyt48-bue.infd.edu.ar\/sitio\/wp-content\/uploads\/2021\/10\/Cursada_Lengua-y-Literatura-768x771.jpg 768w\" sizes=\"(max-width: 536px) 100vw, 536px\" \/><\/figure><\/div>","protected":false},"excerpt":{"rendered":"<p>Profesorado de Lengua y Literatura RM 1862\/17 Carga Horaria Total 3104 Hs Podes Descargarlo aqu\u00ed Podes Descargar el Plan de Correlatividades hacienco click aqu\u00ed Descargar Dise\u00f1o Curricular<\/p>\n","protected":false},"author":135,"featured_media":0,"parent":0,"menu_order":0,"comment_status":"closed","ping_status":"closed","template":"","meta":[],"acf":[],"_links":{"self":[{"href":"https:\/\/isfdyt48-bue.infd.edu.ar\/sitio\/wp-json\/wp\/v2\/pages\/1651"}],"collection":[{"href":"https:\/\/isfdyt48-bue.infd.edu.ar\/sitio\/wp-json\/wp\/v2\/pages"}],"about":[{"href":"https:\/\/isfdyt48-bue.infd.edu.ar\/sitio\/wp-json\/wp\/v2\/types\/page"}],"author":[{"embeddable":true,"href":"https:\/\/isfdyt48-bue.infd.edu.ar\/sitio\/wp-json\/wp\/v2\/users\/135"}],"replies":[{"embeddable":true,"href":"https:\/\/isfdyt48-bue.infd.edu.ar\/sitio\/wp-json\/wp\/v2\/comments?post=1651"}],"version-history":[{"count":79,"href":"https:\/\/isfdyt48-bue.infd.edu.ar\/sitio\/wp-json\/wp\/v2\/pages\/1651\/revisions"}],"predecessor-version":[{"id":5483,"href":"https:\/\/isfdyt48-bue.infd.edu.ar\/sitio\/wp-json\/wp\/v2\/pages\/1651\/revisions\/5483"}],"wp:attachment":[{"href":"https:\/\/isfdyt48-bue.infd.edu.ar\/sitio\/wp-json\/wp\/v2\/media?parent=1651"}],"curies":[{"name":"wp","href":"https:\/\/api.w.org\/{rel}","templated":true}]}}

<p class="has-normal-font-size"><strong>Profesorado de Lengua y Literatura</strong></p>



<p class="has-normal-font-size"><strong>RM 1862/17</strong></p>



<p class="has-normal-font-size"><strong>Carga Horaria Total 3104 Hs</strong></p>



<figure class="wp-block-image size-large"><img decoding="async" src="https://isfdyt48-bue.infd.edu.ar/sitio/wp-content/uploads/2021/09/Plan-de-Estudios_PESLE.jpg" alt=""/></figure>



<p>Podes Descargarlo <a href="https://isfdyt48-bue.infd.edu.ar/sitio/wp-content/uploads/2021/09/Plan-de-Estudios_PESLE.jpg" target="_blank" rel="noreferrer noopener">aquí</a></p>



<p>Podes Descargar el Plan de Correlatividades hacienco click <a href="https://isfdyt48-bue.infd.edu.ar/sitio/wp-content/uploads/2025/03/CORRELATIVIDADES-PFLEN_2025.pdf" target="_blank" rel="noreferrer noopener">aquí</a></p>



<p><a href="https://isfdyt48-bue.infd.edu.ar/sitio/wp-content/uploads/2020/02/DISE%C3%91O-CURRICULAR-DE-LENGUA-Y-LITERATURA-nuevo-2018.pdf" target="_blank" rel="noreferrer noopener">Descargar Diseño Curricular</a></p>



<p style="font-size:50px"></p>


<div class="wp-block-image">
<figure class="aligncenter size-large is-resized"><img decoding="async" loading="lazy" src="https://isfdyt48-bue.infd.edu.ar/sitio/wp-content/uploads/2021/10/Cursada_Lengua-y-Literatura.jpg" alt="" class="wp-image-4616" width="536" height="538" srcset="https://isfdyt48-bue.infd.edu.ar/sitio/wp-content/uploads/2021/10/Cursada_Lengua-y-Literatura.jpg 1071w, https://isfdyt48-bue.infd.edu.ar/sitio/wp-content/uploads/2021/10/Cursada_Lengua-y-Literatura-996x1000.jpg 996w, https://isfdyt48-bue.infd.edu.ar/sitio/wp-content/uploads/2021/10/Cursada_Lengua-y-Literatura-768x771.jpg 768w" sizes="(max-width: 536px) 100vw, 536px" /></figure></div>

<p>Profesorado de Lengua y Literatura RM 1862/17 Carga Horaria Total 3104 Hs Podes Descargarlo aquí Podes Descargar el Plan de Correlatividades hacienco click aquí Descargar Diseño Curricular</p>
