{"id":1667,"date":"2020-03-16T11:28:27","date_gmt":"2020-03-16T14:28:27","guid":{"rendered":"https:\/\/isfdyt48-bue.infd.edu.ar\/sitio\/?page_id=1667"},"modified":"2022-03-02T09:37:34","modified_gmt":"2022-03-02T12:37:34","slug":"tecnicatura-en-trabajo-social","status":"publish","type":"page","link":"https:\/\/isfdyt48-bue.infd.edu.ar\/sitio\/tecnicatura-en-trabajo-social\/","title":{"rendered":"Tecnicatura Superior en Trabajo Social"},"content":{"rendered":"\n<p class=\"has-normal-font-size\"><strong>Tecnicatura Superior en<\/strong> <strong>Trabajo Social<\/strong><\/p>\n\n\n\n<p class=\"has-normal-font-size\"><strong>RM 1666\/06<\/strong><\/p>\n\n\n\n<p class=\"has-normal-font-size\"><strong>Carga Horaria Total 2368 Hs<\/strong><\/p>\n\n\n\n<figure class=\"wp-block-image size-large\"><img decoding=\"async\" src=\"https:\/\/isfdyt48-bue.infd.edu.ar\/sitio\/wp-content\/uploads\/2021\/09\/Plan-de-Estudios_TECTS.jpg\" alt=\"\"\/><\/figure>\n\n\n\n<p>Podes Descargarlo <a href=\"https:\/\/isfdyt48-bue.infd.edu.ar\/sitio\/wp-content\/uploads\/2021\/09\/Plan-de-Estudios_TECTS.jpg\" target=\"_blank\" rel=\"noreferrer noopener\">aqu\u00ed<\/a><\/p>\n\n\n\n<figure class=\"wp-block-image size-large\"><img decoding=\"async\" src=\"https:\/\/isfdyt48-bue.infd.edu.ar\/sitio\/wp-content\/uploads\/2021\/09\/Correlatividades_TCTS.jpg\" alt=\"\"\/><\/figure>\n\n\n\n<p>Podes descargarlo <a href=\"https:\/\/isfdyt48-bue.infd.edu.ar\/sitio\/wp-content\/uploads\/2021\/09\/Correlatividades_TCTS.jpg\" target=\"_blank\" rel=\"noreferrer noopener\">aqu\u00ed<\/a><\/p>\n\n\n\n<p><a href=\"https:\/\/isfdyt48-bue.infd.edu.ar\/sitio\/disenos-curriculares\/upload\/Res_1666_06_Trabajo_Social.pdf\" target=\"_blank\" rel=\"noreferrer noopener\">Descargar Dise\u00f1o Curricular<\/a><\/p>\n\n\n\n<p><a href=\"https:\/\/isfdyt48-bue.infd.edu.ar\/sitio\/wp-content\/uploads\/sitio\/FUNDAMENTOS_Y_PERFIL_DE_LA_CARRERA_TRABAJO_SOCIAL.doc\" target=\"_blank\" rel=\"noreferrer noopener\">Rol Profesional &#8211; Campo Laboral<\/a><\/p>\n\n\n\n<p style=\"font-size:50px\"><\/p>\n\n\n\n<div class=\"wp-block-image\"><figure class=\"aligncenter size-large is-resized\"><img decoding=\"async\" loading=\"lazy\" src=\"https:\/\/isfdyt48-bue.infd.edu.ar\/sitio\/wp-content\/uploads\/2021\/10\/Cursada_Trabajo-Social.jpg\" alt=\"\" class=\"wp-image-4625\" width=\"539\" height=\"537\" srcset=\"https:\/\/isfdyt48-bue.infd.edu.ar\/sitio\/wp-content\/uploads\/2021\/10\/Cursada_Trabajo-Social.jpg 1077w, https:\/\/isfdyt48-bue.infd.edu.ar\/sitio\/wp-content\/uploads\/2021\/10\/Cursada_Trabajo-Social-1000x996.jpg 1000w, https:\/\/isfdyt48-bue.infd.edu.ar\/sitio\/wp-content\/uploads\/2021\/10\/Cursada_Trabajo-Social-768x765.jpg 768w\" sizes=\"(max-width: 539px) 100vw, 539px\" \/><\/figure><\/div>\n","protected":false},"excerpt":{"rendered":"<p>Tecnicatura Superior en Trabajo Social RM 1666\/06 Carga Horaria Total 2368 Hs Podes Descargarlo aqu\u00ed Podes descargarlo aqu\u00ed Descargar Dise\u00f1o Curricular Rol Profesional &#8211; Campo Laboral<\/p>\n","protected":false},"author":135,"featured_media":0,"parent":0,"menu_order":0,"comment_status":"closed","ping_status":"closed","template":"","meta":[],"acf":[],"_links":{"self":[{"href":"https:\/\/isfdyt48-bue.infd.edu.ar\/sitio\/wp-json\/wp\/v2\/pages\/1667"}],"collection":[{"href":"https:\/\/isfdyt48-bue.infd.edu.ar\/sitio\/wp-json\/wp\/v2\/pages"}],"about":[{"href":"https:\/\/isfdyt48-bue.infd.edu.ar\/sitio\/wp-json\/wp\/v2\/types\/page"}],"author":[{"embeddable":true,"href":"https:\/\/isfdyt48-bue.infd.edu.ar\/sitio\/wp-json\/wp\/v2\/users\/135"}],"replies":[{"embeddable":true,"href":"https:\/\/isfdyt48-bue.infd.edu.ar\/sitio\/wp-json\/wp\/v2\/comments?post=1667"}],"version-history":[{"count":93,"href":"https:\/\/isfdyt48-bue.infd.edu.ar\/sitio\/wp-json\/wp\/v2\/pages\/1667\/revisions"}],"predecessor-version":[{"id":4870,"href":"https:\/\/isfdyt48-bue.infd.edu.ar\/sitio\/wp-json\/wp\/v2\/pages\/1667\/revisions\/4870"}],"wp:attachment":[{"href":"https:\/\/isfdyt48-bue.infd.edu.ar\/sitio\/wp-json\/wp\/v2\/media?parent=1667"}],"curies":[{"name":"wp","href":"https:\/\/api.w.org\/{rel}","templated":true}]}}

<p class="has-normal-font-size"><strong>Tecnicatura Superior en</strong> <strong>Trabajo Social</strong></p>



<p class="has-normal-font-size"><strong>RM 1666/06</strong></p>



<p class="has-normal-font-size"><strong>Carga Horaria Total 2368 Hs</strong></p>



<figure class="wp-block-image size-large"><img decoding="async" src="https://isfdyt48-bue.infd.edu.ar/sitio/wp-content/uploads/2021/09/Plan-de-Estudios_TECTS.jpg" alt=""/></figure>



<p>Podes Descargarlo <a href="https://isfdyt48-bue.infd.edu.ar/sitio/wp-content/uploads/2021/09/Plan-de-Estudios_TECTS.jpg" target="_blank" rel="noreferrer noopener">aquí</a></p>



<figure class="wp-block-image size-large"><img decoding="async" src="https://isfdyt48-bue.infd.edu.ar/sitio/wp-content/uploads/2021/09/Correlatividades_TCTS.jpg" alt=""/></figure>



<p>Podes descargarlo <a href="https://isfdyt48-bue.infd.edu.ar/sitio/wp-content/uploads/2021/09/Correlatividades_TCTS.jpg" target="_blank" rel="noreferrer noopener">aquí</a></p>



<p><a href="https://isfdyt48-bue.infd.edu.ar/sitio/disenos-curriculares/upload/Res_1666_06_Trabajo_Social.pdf" target="_blank" rel="noreferrer noopener">Descargar Diseño Curricular</a></p>



<p><a href="https://isfdyt48-bue.infd.edu.ar/sitio/wp-content/uploads/sitio/FUNDAMENTOS_Y_PERFIL_DE_LA_CARRERA_TRABAJO_SOCIAL.doc" target="_blank" rel="noreferrer noopener">Rol Profesional &#8211; Campo Laboral</a></p>



<p style="font-size:50px"></p>



<div class="wp-block-image"><figure class="aligncenter size-large is-resized"><img decoding="async" loading="lazy" src="https://isfdyt48-bue.infd.edu.ar/sitio/wp-content/uploads/2021/10/Cursada_Trabajo-Social.jpg" alt="" class="wp-image-4625" width="539" height="537" srcset="https://isfdyt48-bue.infd.edu.ar/sitio/wp-content/uploads/2021/10/Cursada_Trabajo-Social.jpg 1077w, https://isfdyt48-bue.infd.edu.ar/sitio/wp-content/uploads/2021/10/Cursada_Trabajo-Social-1000x996.jpg 1000w, https://isfdyt48-bue.infd.edu.ar/sitio/wp-content/uploads/2021/10/Cursada_Trabajo-Social-768x765.jpg 768w" sizes="(max-width: 539px) 100vw, 539px" /></figure></div>

<p>Tecnicatura Superior en Trabajo Social RM 1666/06 Carga Horaria Total 2368 Hs Podes Descargarlo aquí Podes descargarlo aquí Descargar Diseño Curricular Rol Profesional &#8211; Campo Laboral</p>
