{"id":1672,"date":"2020-03-16T11:32:47","date_gmt":"2020-03-16T14:32:47","guid":{"rendered":"https:\/\/isfdyt48-bue.infd.edu.ar\/sitio\/?page_id=1672"},"modified":"2022-03-02T09:33:34","modified_gmt":"2022-03-02T12:33:34","slug":"tecnicatura-en-multimedial","status":"publish","type":"page","link":"https:\/\/isfdyt48-bue.infd.edu.ar\/sitio\/tecnicatura-en-multimedial\/","title":{"rendered":"Tecnicatura Superior en Comunicaci\u00f3n Multimedial"},"content":{"rendered":"\n<p class=\"has-normal-font-size\"><strong>Tecnicatura Superior en Comunicaci\u00f3n Multimedial<\/strong><\/p>\n\n\n\n<p class=\"has-normal-font-size\"><strong>RM 6179\/03<\/strong><\/p>\n\n\n\n<p class=\"has-normal-font-size\"><strong>Carga Horaria Total 1824 Hs<\/strong><\/p>\n\n\n\n<figure class=\"wp-block-image size-large\"><img decoding=\"async\" src=\"https:\/\/isfdyt48-bue.infd.edu.ar\/sitio\/wp-content\/uploads\/2021\/09\/Plan-de-Estudios_TECMU.jpg\" alt=\"\"\/><\/figure>\n\n\n\n<p>Podes Descargarlo <a href=\"https:\/\/isfdyt48-bue.infd.edu.ar\/sitio\/wp-content\/uploads\/2021\/09\/Plan-de-Estudios_TECMU.jpg\" target=\"_blank\" rel=\"noreferrer noopener\">aqu\u00ed<\/a><\/p>\n\n\n\n<figure class=\"wp-block-image size-large\"><img decoding=\"async\" src=\"https:\/\/isfdyt48-bue.infd.edu.ar\/sitio\/wp-content\/uploads\/2021\/09\/Correlatividades_TECMU.jpg\" alt=\"\"\/><\/figure>\n\n\n\n<p>Podes Descargarlo <a href=\"https:\/\/isfdyt48-bue.infd.edu.ar\/sitio\/wp-content\/uploads\/2021\/09\/Correlatividades_TECMU.jpg\" target=\"_blank\" rel=\"noreferrer noopener\">aqu\u00ed<\/a><\/p>\n\n\n\n<p><a href=\"https:\/\/isfdyt48-bue.infd.edu.ar\/sitio\/disenos-curriculares\/upload\/TEC._SUP._EN_COMUNICACION_MULTIMEDIAL_R.6179-03.pdf\" target=\"_blank\" rel=\"noreferrer noopener\">Descargar Dise\u00f1o Curricular<\/a><\/p>\n\n\n\n<p><a href=\"https:\/\/isfdyt48-bue.infd.edu.ar\/sitio\/wp-content\/uploads\/sitio\/Fundamentos_y_perfil_profesional_de_Comunic_Multimed.doc\" target=\"_blank\" rel=\"noreferrer noopener\">Rol Profesional &#8211; Campo Laboral<\/a><\/p>\n\n\n\n<p style=\"font-size:50px\"><\/p>\n\n\n\n<div class=\"wp-block-image\"><figure class=\"aligncenter size-large is-resized\"><img decoding=\"async\" loading=\"lazy\" src=\"https:\/\/isfdyt48-bue.infd.edu.ar\/sitio\/wp-content\/uploads\/2021\/10\/Cursada_Multimedial.jpg\" alt=\"\" class=\"wp-image-4620\" width=\"534\" height=\"535\" srcset=\"https:\/\/isfdyt48-bue.infd.edu.ar\/sitio\/wp-content\/uploads\/2021\/10\/Cursada_Multimedial.jpg 1068w, https:\/\/isfdyt48-bue.infd.edu.ar\/sitio\/wp-content\/uploads\/2021\/10\/Cursada_Multimedial-998x1000.jpg 998w, https:\/\/isfdyt48-bue.infd.edu.ar\/sitio\/wp-content\/uploads\/2021\/10\/Cursada_Multimedial-500x500.jpg 500w, https:\/\/isfdyt48-bue.infd.edu.ar\/sitio\/wp-content\/uploads\/2021\/10\/Cursada_Multimedial-768x769.jpg 768w\" sizes=\"(max-width: 534px) 100vw, 534px\" \/><\/figure><\/div>\n","protected":false},"excerpt":{"rendered":"<p>Tecnicatura Superior en Comunicaci\u00f3n Multimedial RM 6179\/03 Carga Horaria Total 1824 Hs Podes Descargarlo aqu\u00ed Podes Descargarlo aqu\u00ed Descargar Dise\u00f1o Curricular Rol Profesional &#8211; Campo Laboral<\/p>\n","protected":false},"author":135,"featured_media":0,"parent":0,"menu_order":0,"comment_status":"closed","ping_status":"closed","template":"","meta":[],"acf":[],"_links":{"self":[{"href":"https:\/\/isfdyt48-bue.infd.edu.ar\/sitio\/wp-json\/wp\/v2\/pages\/1672"}],"collection":[{"href":"https:\/\/isfdyt48-bue.infd.edu.ar\/sitio\/wp-json\/wp\/v2\/pages"}],"about":[{"href":"https:\/\/isfdyt48-bue.infd.edu.ar\/sitio\/wp-json\/wp\/v2\/types\/page"}],"author":[{"embeddable":true,"href":"https:\/\/isfdyt48-bue.infd.edu.ar\/sitio\/wp-json\/wp\/v2\/users\/135"}],"replies":[{"embeddable":true,"href":"https:\/\/isfdyt48-bue.infd.edu.ar\/sitio\/wp-json\/wp\/v2\/comments?post=1672"}],"version-history":[{"count":68,"href":"https:\/\/isfdyt48-bue.infd.edu.ar\/sitio\/wp-json\/wp\/v2\/pages\/1672\/revisions"}],"predecessor-version":[{"id":4868,"href":"https:\/\/isfdyt48-bue.infd.edu.ar\/sitio\/wp-json\/wp\/v2\/pages\/1672\/revisions\/4868"}],"wp:attachment":[{"href":"https:\/\/isfdyt48-bue.infd.edu.ar\/sitio\/wp-json\/wp\/v2\/media?parent=1672"}],"curies":[{"name":"wp","href":"https:\/\/api.w.org\/{rel}","templated":true}]}}

Tecnicatura Superior en Comunicación Multimedial

<p class="has-normal-font-size"><strong>Tecnicatura Superior en Comunicación Multimedial</strong></p>



<p class="has-normal-font-size"><strong>RM 6179/03</strong></p>



<p class="has-normal-font-size"><strong>Carga Horaria Total 1824 Hs</strong></p>



<figure class="wp-block-image size-large"><img decoding="async" src="https://isfdyt48-bue.infd.edu.ar/sitio/wp-content/uploads/2021/09/Plan-de-Estudios_TECMU.jpg" alt=""/></figure>



<p>Podes Descargarlo <a href="https://isfdyt48-bue.infd.edu.ar/sitio/wp-content/uploads/2021/09/Plan-de-Estudios_TECMU.jpg" target="_blank" rel="noreferrer noopener">aquí</a></p>



<figure class="wp-block-image size-large"><img decoding="async" src="https://isfdyt48-bue.infd.edu.ar/sitio/wp-content/uploads/2021/09/Correlatividades_TECMU.jpg" alt=""/></figure>



<p>Podes Descargarlo <a href="https://isfdyt48-bue.infd.edu.ar/sitio/wp-content/uploads/2021/09/Correlatividades_TECMU.jpg" target="_blank" rel="noreferrer noopener">aquí</a></p>



<p><a href="https://isfdyt48-bue.infd.edu.ar/sitio/disenos-curriculares/upload/TEC._SUP._EN_COMUNICACION_MULTIMEDIAL_R.6179-03.pdf" target="_blank" rel="noreferrer noopener">Descargar Diseño Curricular</a></p>



<p><a href="https://isfdyt48-bue.infd.edu.ar/sitio/wp-content/uploads/sitio/Fundamentos_y_perfil_profesional_de_Comunic_Multimed.doc" target="_blank" rel="noreferrer noopener">Rol Profesional &#8211; Campo Laboral</a></p>



<p style="font-size:50px"></p>



<div class="wp-block-image"><figure class="aligncenter size-large is-resized"><img decoding="async" loading="lazy" src="https://isfdyt48-bue.infd.edu.ar/sitio/wp-content/uploads/2021/10/Cursada_Multimedial.jpg" alt="" class="wp-image-4620" width="534" height="535" srcset="https://isfdyt48-bue.infd.edu.ar/sitio/wp-content/uploads/2021/10/Cursada_Multimedial.jpg 1068w, https://isfdyt48-bue.infd.edu.ar/sitio/wp-content/uploads/2021/10/Cursada_Multimedial-998x1000.jpg 998w, https://isfdyt48-bue.infd.edu.ar/sitio/wp-content/uploads/2021/10/Cursada_Multimedial-500x500.jpg 500w, https://isfdyt48-bue.infd.edu.ar/sitio/wp-content/uploads/2021/10/Cursada_Multimedial-768x769.jpg 768w" sizes="(max-width: 534px) 100vw, 534px" /></figure></div>

<p>Tecnicatura Superior en Comunicación Multimedial RM 6179/03 Carga Horaria Total 1824 Hs Podes Descargarlo aquí Podes Descargarlo aquí Descargar Diseño Curricular Rol Profesional &#8211; Campo Laboral</p>
