{"id":4165,"date":"2021-08-25T11:09:51","date_gmt":"2021-08-25T14:09:51","guid":{"rendered":"https:\/\/isfdyt48-bue.infd.edu.ar\/sitio\/?page_id=4165"},"modified":"2026-04-08T09:49:27","modified_gmt":"2026-04-08T12:49:27","slug":"autoridades-2","status":"publish","type":"page","link":"https:\/\/isfdyt48-bue.infd.edu.ar\/sitio\/autoridades-2\/","title":{"rendered":"Autoridades"},"content":{"rendered":"\n<p> <\/p>\n\n\n\n<p class=\"has-black-color has-text-color has-medium-font-size\"><strong>Directora<\/strong>: Clarisa BURGARDT<\/p>\n\n\n\n<p class=\"has-black-color has-text-color has-medium-font-size\"><strong>Vicedirector<\/strong>: Daniel GO\u00d1I<\/p>\n\n\n\n<p class=\"has-black-color has-text-color has-medium-font-size\"><strong>Regente<\/strong>: Ver\u00f3nica MAYOR<\/p>\n\n\n\n<p class=\"has-black-color has-text-color has-medium-font-size\"><strong><strong>Regente<\/strong><\/strong>: Sebati\u00e1n FILIPUZZI (Anexo Huanguel\u00e9n)<\/p>\n\n\n\n<p class=\"has-large-font-size\"><\/p>\n\n\n\n<p class=\"has-black-color has-text-color has-medium-font-size\"><strong>Secretaria<\/strong>: Andrea CARPINI<\/p>\n\n\n\n<p class=\"has-black-color has-text-color has-medium-font-size\"><strong>Jefes de \u00c1rea<\/strong>:<\/p>\n\n\n\n<ul>\n<li><strong>Profesorado de Educaci\u00f3n<\/strong> <strong>F\u00edsica<\/strong>: Diego ENECOIZ<\/li>\n<\/ul>\n\n\n\n<ul>\n<li><strong>Profesorado de Educaci\u00f3n Primaria<\/strong>: Sof\u00eda TROBBIANI<\/li>\n<\/ul>\n\n\n\n<ul>\n<li><strong>Profesorado de Ingles<\/strong>: Sof\u00eda TROBBIANI<\/li>\n<\/ul>\n\n\n\n<ul>\n<li><strong>Tecnicatura Superior en Enfermer\u00eda<\/strong>: Carlos Mauricio BLANCO<\/li>\n<\/ul>\n\n\n\n<ul>\n<li><strong>Tecnicatura Superior en Administraci\u00f3n Contable<\/strong>: Gustavo ZALACAIN<\/li>\n<\/ul>\n\n\n\n<ul>\n<li><strong>Tecnicatura Superior en Comunicaci\u00f3n Multimedial<\/strong>: Sofia OCHOTECO<\/li>\n<\/ul>\n\n\n\n<ul>\n<li><strong>Tecnicatura Superior en Servicios Gastron\u00f3micos<\/strong>: Sandra ACEBAL<\/li>\n<\/ul>\n\n\n\n<ul>\n<li><strong>Coordinador Profesorado de Lengua y Literatura<\/strong>: Daniel GO\u00d1I<\/li>\n<\/ul>\n\n\n\n<ul>\n<li><strong>Coordinadora Profesorado de F\u00edsica<\/strong>: Ver\u00f3nica MAYOR<\/li>\n<\/ul>\n\n\n\n<ul>\n<li><strong>Coordinadora Profesorado de Biolog\u00eda<\/strong>: Ver\u00f3nica MAYOR<\/li>\n<\/ul>\n\n\n\n<ul>\n<li><strong>Coordinadora Tecnicatura Superior en Trabajo Social<\/strong>: Clarisa BURGARDT<\/li>\n<\/ul>\n\n\n\n<div class=\"wp-block-columns is-layout-flex wp-container-2\">\n<div class=\"wp-block-column is-layout-flow\" style=\"flex-basis:100%\">\n<p class=\"has-vivid-cyan-blue-color has-text-color has-medium-font-size\"><\/p>\n<\/div>\n<\/div>\n\n\n\n<p><\/p>\n","protected":false},"excerpt":{"rendered":"<p>Directora: Clarisa BURGARDT Vicedirector: Daniel GO\u00d1I Regente: Ver\u00f3nica MAYOR Regente: Sebati\u00e1n FILIPUZZI (Anexo Huanguel\u00e9n) Secretaria: Andrea CARPINI Jefes de \u00c1rea:<\/p>\n","protected":false},"author":135,"featured_media":0,"parent":0,"menu_order":0,"comment_status":"closed","ping_status":"closed","template":"","meta":[],"acf":[],"_links":{"self":[{"href":"https:\/\/isfdyt48-bue.infd.edu.ar\/sitio\/wp-json\/wp\/v2\/pages\/4165"}],"collection":[{"href":"https:\/\/isfdyt48-bue.infd.edu.ar\/sitio\/wp-json\/wp\/v2\/pages"}],"about":[{"href":"https:\/\/isfdyt48-bue.infd.edu.ar\/sitio\/wp-json\/wp\/v2\/types\/page"}],"author":[{"embeddable":true,"href":"https:\/\/isfdyt48-bue.infd.edu.ar\/sitio\/wp-json\/wp\/v2\/users\/135"}],"replies":[{"embeddable":true,"href":"https:\/\/isfdyt48-bue.infd.edu.ar\/sitio\/wp-json\/wp\/v2\/comments?post=4165"}],"version-history":[{"count":27,"href":"https:\/\/isfdyt48-bue.infd.edu.ar\/sitio\/wp-json\/wp\/v2\/pages\/4165\/revisions"}],"predecessor-version":[{"id":5664,"href":"https:\/\/isfdyt48-bue.infd.edu.ar\/sitio\/wp-json\/wp\/v2\/pages\/4165\/revisions\/5664"}],"wp:attachment":[{"href":"https:\/\/isfdyt48-bue.infd.edu.ar\/sitio\/wp-json\/wp\/v2\/media?parent=4165"}],"curies":[{"name":"wp","href":"https:\/\/api.w.org\/{rel}","templated":true}]}}

<p> </p>



<p class="has-black-color has-text-color has-medium-font-size"><strong>Directora</strong>: Clarisa BURGARDT</p>



<p class="has-black-color has-text-color has-medium-font-size"><strong>Vicedirector</strong>: Daniel GOÑI</p>



<p class="has-black-color has-text-color has-medium-font-size"><strong>Regente</strong>: Verónica MAYOR</p>



<p class="has-black-color has-text-color has-medium-font-size"><strong><strong>Regente</strong></strong>: Sebatián FILIPUZZI (Anexo Huanguelén)</p>



<p class="has-large-font-size"></p>



<p class="has-black-color has-text-color has-medium-font-size"><strong>Secretaria</strong>: Andrea CARPINI</p>



<p class="has-black-color has-text-color has-medium-font-size"><strong>Jefes de Área</strong>:</p>



<ul>
<li><strong>Profesorado de Educación</strong> <strong>Física</strong>: Diego ENECOIZ</li>
</ul>



<ul>
<li><strong>Profesorado de Educación Primaria</strong>: Sofía TROBBIANI</li>
</ul>



<ul>
<li><strong>Profesorado de Ingles</strong>: Sofía TROBBIANI</li>
</ul>



<ul>
<li><strong>Tecnicatura Superior en Enfermería</strong>: Carlos Mauricio BLANCO</li>
</ul>



<ul>
<li><strong>Tecnicatura Superior en Administración Contable</strong>: Gustavo ZALACAIN</li>
</ul>



<ul>
<li><strong>Tecnicatura Superior en Comunicación Multimedial</strong>: Sofia OCHOTECO</li>
</ul>



<ul>
<li><strong>Tecnicatura Superior en Servicios Gastronómicos</strong>: Sandra ACEBAL</li>
</ul>



<ul>
<li><strong>Coordinador Profesorado de Lengua y Literatura</strong>: Daniel GOÑI</li>
</ul>



<ul>
<li><strong>Coordinadora Profesorado de Física</strong>: Verónica MAYOR</li>
</ul>



<ul>
<li><strong>Coordinadora Profesorado de Biología</strong>: Verónica MAYOR</li>
</ul>



<ul>
<li><strong>Coordinadora Tecnicatura Superior en Trabajo Social</strong>: Clarisa BURGARDT</li>
</ul>



<div class="wp-block-columns is-layout-flex wp-container-2">
<div class="wp-block-column is-layout-flow" style="flex-basis:100%">
<p class="has-vivid-cyan-blue-color has-text-color has-medium-font-size"></p>
</div>
</div>



<p></p>

<p>Directora: Clarisa BURGARDT Vicedirector: Daniel GOÑI Regente: Verónica MAYOR Regente: Sebatián FILIPUZZI (Anexo Huanguelén) Secretaria: Andrea CARPINI Jefes de Área:</p>
