{"id":4200,"date":"2021-08-31T09:23:45","date_gmt":"2021-08-31T12:23:45","guid":{"rendered":"https:\/\/isfdyt48-bue.infd.edu.ar\/sitio\/?page_id=4200"},"modified":"2025-09-12T09:46:53","modified_gmt":"2025-09-12T12:46:53","slug":"historia-institucional","status":"publish","type":"page","link":"https:\/\/isfdyt48-bue.infd.edu.ar\/sitio\/historia-institucional\/","title":{"rendered":"TRAYECTORIA INSTITUCIONAL NUEVO"},"content":{"rendered":"\n<p class=\"has-text-align-center\" style=\"font-size:32px\"><strong>NUESTRA&nbsp; TRAYECTORIA<\/strong><\/p>\n\n\n\n<p>Comenzando su historia institucional en el a\u00f1o 1971, el ISFDYT 48 ha ido construyendo un perfil singular que lo destaca en el sudoeste de la provincia de Buenos Aires.<\/p>\n\n\n\n<p>Partiendo de un contratofundacional dirigido a la capacitaci\u00f3n y formaci\u00f3n de docentes, la oferta acad\u00e9mica se ha logrado diversificar ofreciendo carreras ancladas en los intereses y caracter\u00edsticas de la regi\u00f3n, asumiendo en 1980 el car\u00e1cter de<strong> instituci\u00f3n mixta<\/strong> con el dictado de carreras t\u00e9cnicas de acuerdo a las necesidades sociales, comerciales y productivas de la zona.<\/p>\n\n\n\n<p>Cuenta con una matricula de alrededor de 900 estudiantes que cursan sus estudios en las dos <strong>sedes institucionales<\/strong>, la hist\u00f3rica ubicada en calle Sarmiento 463 y un moderno edificio, inaugurado en el a\u00f1o 2008, ubicado en la intersecci\u00f3n de las avenidas Alfonsina Storni y Uriburu.<\/p>\n\n\n\n<p>El instituto cuenta actualmente con 17 aulas de clase su sede de Avenida Storni y seis aulas en sede de Sarmiento.<\/p>\n\n\n\n<p>Est\u00e1 equipado con dos bibliotecas, una en cada sede de acuerdo a las carreras que en la misma se dictan, que supera los 5000 ejemplares de diversas tem\u00e1ticas, asimismo dispone de recursos tecnol\u00f3gicos para un abordaje &nbsp;pedag\u00f3gico did\u00e1ctico de la ense\u00f1anza superior.<\/p>\n\n\n\n<p>Posee dos gabinetes de inform\u00e1tica equipados con tecnolog\u00eda de avanzada, laboratorio; sala de simulaci\u00f3n de enfermer\u00eda y de multimedios; espacios espec\u00edficos para directivos, preceptores y profesores. Cuenta con los servicios de centro de fotocopiado&nbsp; y un c\u00f3modo buffet &nbsp;que ofrece diversidad gastron\u00f3mica, considerando especialmente los horarios&nbsp; y necesidades de los estudiantes que viajan diariamente desde la regi\u00f3n para cursar sus estudios superiores.<\/p>\n\n\n\n<p>La instituci\u00f3n cuenta adem\u00e1s con un sal\u00f3n de usos m\u00faltiples de significativas dimensiones y \u00f3ptimas caracter\u00edsticas que permite el desarrollo de multiplicidad de actividades pudiendo albergar hasta 500 personas.<\/p>\n\n\n\n<p>Actualmente se cursan en la instituci\u00f3n las siguientes carreras:<\/p>\n\n\n\n<p>Profesorados:<\/p>\n\n\n\n<ul>\n<li>Profesorado de Educaci\u00f3n F\u00edsica<\/li>\n\n\n\n<li>Profesorado de Ingles<\/li>\n\n\n\n<li>Profesorado en Educaci\u00f3n Primaria<\/li>\n\n\n\n<li>Profesorado de Biolog\u00eda<\/li>\n\n\n\n<li>Profesorado de F\u00edsica<\/li>\n\n\n\n<li>Profesorado de Lengua y Literatura<\/li>\n<\/ul>\n\n\n\n<p>Tecnicaturas:<\/p>\n\n\n\n<ul>\n<li>Tecnicatura Superior en Comunicaci\u00f3n Multimedial<\/li>\n\n\n\n<li>Tecnicatura Superior en Administraci\u00f3n Contable<\/li>\n\n\n\n<li>Tecnicatura Superior en Trabajo Social<\/li>\n\n\n\n<li>Tecnicatura Superior en Enfermer\u00eda<\/li>\n\n\n\n<li>Tecnicatura Superior en Servicios Gastron\u00f3micos<\/li>\n<\/ul>\n\n\n\n<p>Dicha oferta acad\u00e9mica surge a partir de necesidades detectadas en el \u00e1mbito regional as\u00ed como de los intereses y demandas de los ingresantes. Adquiere un dinamismo que habilita su revisi\u00f3n permanente, identificando modificaciones necesarias en funci\u00f3n de las caracter\u00edsticas contextuales y epocales que enmarcan las mismas.<\/p>\n\n\n\n<p>Con relaci\u00f3n a otras modalidades de formaci\u00f3n, se consigna la experiencia en el dictado de <strong>post\u00edtulos semipresenciales<\/strong>, orientados a la capacitaci\u00f3n pedag\u00f3gica de t\u00e9cnicos y profesionales de distintos niveles. Ello ha ejercitado a la instituci\u00f3n y sus docentes en la incursi\u00f3n de nuevas formas de comunicaci\u00f3n, orientaci\u00f3n, transmisi\u00f3n del conocimiento y asesoramiento al alumno, utilizando los recursos tecnol\u00f3gicos como veh\u00edculo del acto pedag\u00f3gico.<\/p>\n\n\n\n<p>Otro dato relevante es la concreci\u00f3n de <strong>contratos de pasantias<\/strong>, con diferentes organizaciones de la comunidad, lo cual a lo largo del tiempo le ha permitido a la instituci\u00f3n educativa ocupar un espacio significativo en la formaci\u00f3n y aplicaci\u00f3n de conocimientos, procedimientos y actitudes.<\/p>\n\n\n\n<p>En los \u00faltimos a\u00f1os \u00e9ste instituto de formaci\u00f3n docente y t\u00e9cnica se ha constituido en fuente de consulta frente a la demanda creciente de los recursos humanos capacitados que requiere el contexto socio productivo actual y en este sentido se consignan interesantes <strong>experiencias de investigaci\u00f3n y extensi\u00f3n<\/strong>, que hablan de la apertura de la instituci\u00f3n educativa a la comunidad. Se destacan&nbsp; proyectos&nbsp; han sido seleccionados y son financiados tanto por la Direcci\u00f3n de Educaci\u00f3n Superior as\u00ed como por&nbsp; el Instituto Nacional de Formaci\u00f3n Docente.<\/p>\n\n\n\n<p>Las acciones precedentes dan cuenta de una instituci\u00f3n que sistem\u00e1ticamente ofrece respuestas a las necesidades de la zona de influencia, desde una perspectiva de inclusi\u00f3n e interculturalidad en relaci\u00f3n a su comunidad educativa.<\/p>\n\n\n\n<p>Entre las entidades que&nbsp; acompa\u00f1an la vida&nbsp; institucional se encuentra el <strong>Consejo Acad\u00e9mico Institucional<\/strong>, el <strong>Centro de Estudiantes<\/strong> y&nbsp; la <strong>Asociaci\u00f3n Cooperadora<\/strong>, todos ellos con una amplia y destacada labor en pos de la democratizaci\u00f3n institucional.<\/p>\n\n\n\n<p>En otro orden y en relaci\u00f3n al Equipo Docente se cuenta con un cuerpo de profesores con amplia y diversa trayectoria acad\u00e9mica, que continua capacit\u00e1ndose de manera permanente, lo cual facilita la heterogeneidad, interacci\u00f3n y la posibilidad de ampliar el espectro formativo de los futuros egresados.<\/p>\n\n\n\n<p>Los\/as profesores\/as que se desempe\u00f1an en nuestra entidad, por su actividad profesional, est\u00e1n en contacto permanente con diferentes organizaciones y provienen de diferentes espacios laborales, lo que se traduce en contenidos actualizados y ense\u00f1ados desde la experiencia personal, avalada por las instancias formativas,&nbsp; que responden a&nbsp; las exigencias del mundo globalizado del trabajo.<\/p>\n\n\n\n<p>La b\u00fasqueda permanente del conocimiento, la necesidad de interpretaci\u00f3n de la realidad din\u00e1mica, traducida en&nbsp; motivaci\u00f3n para la formaci\u00f3n sistem\u00e1tica y continua, que permitan intervenciones fundadas en el conocimiento cient\u00edfico desde una perspectiva cr\u00edtica, se proponen como contenidos que atraviesan nuestro accionar acad\u00e9mico y se abordan desde las diferentes c\u00e1tedras.<\/p>\n\n\n\n<p>Podr\u00edamos decir que desde este posicionamiento emerge la demanda de los\/as estudiantes de revisar y actualizar permanentemente las oportunidades educativas superadoras de las existentes. Y es compromiso del Equipo de Conducci\u00f3n y Docente para &nbsp;viabilizar las mismas,&nbsp; mediante un proceso democr\u00e1tico de participaci\u00f3n de los actores involucrados en la movilizaci\u00f3n, gesti\u00f3n y definici\u00f3n de dichas oportunidades.<\/p>\n","protected":false},"excerpt":{"rendered":"<p>NUESTRA&nbsp; TRAYECTORIA Comenzando su historia institucional en el a\u00f1o 1971, el ISFDYT 48 ha ido construyendo un perfil singular que lo destaca en el sudoeste de la provincia de Buenos Aires. Partiendo de un contratofundacional dirigido a la capacitaci\u00f3n y formaci\u00f3n de docentes, la oferta acad\u00e9mica se ha logrado diversificar ofreciendo carreras ancladas en los &#8230; <a title=\"TRAYECTORIA INSTITUCIONAL NUEVO\" class=\"read-more\" href=\"https:\/\/isfdyt48-bue.infd.edu.ar\/sitio\/historia-institucional\/\" aria-label=\"More on TRAYECTORIA INSTITUCIONAL NUEVO\">[+]<\/a><\/p>\n","protected":false},"author":135,"featured_media":0,"parent":0,"menu_order":0,"comment_status":"closed","ping_status":"closed","template":"","meta":[],"acf":[],"_links":{"self":[{"href":"https:\/\/isfdyt48-bue.infd.edu.ar\/sitio\/wp-json\/wp\/v2\/pages\/4200"}],"collection":[{"href":"https:\/\/isfdyt48-bue.infd.edu.ar\/sitio\/wp-json\/wp\/v2\/pages"}],"about":[{"href":"https:\/\/isfdyt48-bue.infd.edu.ar\/sitio\/wp-json\/wp\/v2\/types\/page"}],"author":[{"embeddable":true,"href":"https:\/\/isfdyt48-bue.infd.edu.ar\/sitio\/wp-json\/wp\/v2\/users\/135"}],"replies":[{"embeddable":true,"href":"https:\/\/isfdyt48-bue.infd.edu.ar\/sitio\/wp-json\/wp\/v2\/comments?post=4200"}],"version-history":[{"count":4,"href":"https:\/\/isfdyt48-bue.infd.edu.ar\/sitio\/wp-json\/wp\/v2\/pages\/4200\/revisions"}],"predecessor-version":[{"id":5541,"href":"https:\/\/isfdyt48-bue.infd.edu.ar\/sitio\/wp-json\/wp\/v2\/pages\/4200\/revisions\/5541"}],"wp:attachment":[{"href":"https:\/\/isfdyt48-bue.infd.edu.ar\/sitio\/wp-json\/wp\/v2\/media?parent=4200"}],"curies":[{"name":"wp","href":"https:\/\/api.w.org\/{rel}","templated":true}]}}