{"id":4206,"date":"2021-08-31T09:46:29","date_gmt":"2021-08-31T12:46:29","guid":{"rendered":"https:\/\/isfdyt48-bue.infd.edu.ar\/sitio\/?page_id=4206"},"modified":"2025-09-12T09:44:01","modified_gmt":"2025-09-12T12:44:01","slug":"historia-institucional-2","status":"publish","type":"page","link":"https:\/\/isfdyt48-bue.infd.edu.ar\/sitio\/historia-institucional-2\/","title":{"rendered":"HISTORIA INSTITUCIONAL"},"content":{"rendered":"\n<p class=\"has-text-align-center\" style=\"font-size:32px\"><strong>50 A\u00d1OS<\/strong><\/p>\n\n\n\n<p>El 10 de Agosto de 1970 se constituye el primer acto administrativo que da inicio formal a la historia institucional del Instituto Superior de Formaci\u00f3n Docente y T\u00e9cnica N\u00b0 48 con la firma de la Resoluci\u00f3n N\u00b0 1721\/70 por el entonces Ministro de Educaci\u00f3n de la Provincia de Buenos Aires, Sr. Alfredo Tagliabue. Dicha resoluci\u00f3n establec\u00eda la creaci\u00f3n en el Partido de Coronel Su\u00e1rez de un Instituto Superior de Formaci\u00f3n Docente que funcionar\u00e1 a partir del per\u00edodo educativo 1971.<\/p>\n\n\n\n<p>Se inician las acciones que concretar\u00edan este proceso y el 28 de Julio de 1971, seg\u00fan consta en Acta N\u00b0 1\/71, se dispone la creaci\u00f3n de la Escuela Superior de Capacitaci\u00f3n Directiva y T\u00e9cnica dando inicio a su funcionamiento e inscripci\u00f3n de profesores aspirantes a las c\u00e1tedras que en esta instituci\u00f3n se dictar\u00edan. En tal acto se constituye como Director Ad-Honorem el Dr. Julio C. Lovecchio, como regente la Profesora C\u00e9lica Salamero y como secretaria la profesora Ester Borsella. Pasado este proceso inicial de formaci\u00f3n de docentes, la instituci\u00f3n se constituye como Anexo del Instituto Superior N\u00b0 3 de Bah\u00eda Blanca hasta el 1 de Marzo de 1984 cuando logra su autonom\u00eda institucional siendo formalmente denominado Instituto Superior de Formaci\u00f3n Docente y T\u00e9cnica N\u00b0 48 siendo su primera directora la profesora Graciela Tamalet.<\/p>\n\n\n\n<p>Se constitu\u00eda en realidad el proyecto de acompa\u00f1ar el desarrollo regional con el desarrollo educativo, inaugurando una etapa donde la educaci\u00f3n superior p\u00fablica en el territorio comenzaba a formar parte de las posibilidades para la poblaci\u00f3n del distrito.<\/p>\n\n\n\n<p>Las primeras carreras docentes que se dictaron en la instituci\u00f3n fueron Magisterio Especializado en Ense\u00f1anza Pre-Escolar; Asistente Educacional; Profesorado en Psicopedagog\u00eda; Educaci\u00f3n de Adultos; Magisterio Diferenciado; Asistente Escolar Rural y Maestro Recuperador.<\/p>\n\n\n\n<p>En relaci\u00f3n a la formaci\u00f3n t\u00e9cnica, se registran como las primeras alternativas de estudio en Coronel Su\u00e1rez la Tecnicatura Superior en Administraci\u00f3n Agraria, la Tecnicatura Superior Impositiva Contable y la T\u00e9cnicatura Superior en Administraci\u00f3n de Empresas.<\/p>\n\n\n\n<p>Despu\u00e9s de funcionar en diversos espacios institucionales, el 6 de Abril de 1981 se inaugura la primera sede propia del Instituto ubicada en la calle Sarmiento N\u00b0 463, en pleno centro de Coronel Su\u00e1rez.<\/p>\n\n\n\n<p>En el a\u00f1o 1989 el crecimiento institucional propicia la apertura del Anexo 348 en la localidad de Huanguel\u00e9n, mediante Resoluci\u00f3n 10.911.<\/p>\n\n\n\n<p>Luego de arduas gestiones, el 6 de Noviembre del 2008, el Ministro de Educaci\u00f3n Mario Oporto junto al Intendente Municipal Ricardo M\u00f3ccero y la Directora Lic Raquel Malek,&nbsp; inauguran un moderno y amplio edificio ubicado en la intersecci\u00f3n de las Avenidas Storni y Uriburu que no solo visibilizan la amplia y diversa actividad institucional sino que impactan con un crecimiento sostenido en su oferta de carreras y matr\u00edcula, contando en la actualidad con mil estudiantes y un equipo directivo y docente conformado por alrededor de 150 profesionales, formados y especializados en las diversas disciplinas que en la instituci\u00f3n se ense\u00f1an.<\/p>\n\n\n\n<p>La formaci\u00f3n docente y t\u00e9cnica ha sido indudablemente el horizonte central de esta instituci\u00f3n, que se ha planteado inscripta en un proyecto de desarrollo de la comunidad en la cual se halla arraigada, mediante la inserci\u00f3n de sus egresados\/as en diversos espacios laborales as\u00ed como desde el sostenido objetivo de informar, capacitar y favorecer la problematizaci\u00f3n y el debate sobre los temas que configuran cada tiempo hist\u00f3rico. La celebraci\u00f3n de los 50 a\u00f1os del Instituto 48 es tambi\u00e9n la celebraci\u00f3n de una comunidad que ha decidido que el desarrollo econ\u00f3mico, social y productivo es insuficiente si no se plantea anudado al desarrollo educativo, desarrollo que otorga direccionalidad y sentido al verdadero crecimiento del distrito.<\/p>\n\n\n\n<p style=\"font-size:30px\"><\/p>\n\n\n\n<p><strong><u>Equipo de Conducci\u00f3n Institucional 2025<\/u><\/strong><\/p>\n\n\n\n<p>Directora: Clarisa Burgardt<\/p>\n\n\n\n<p>Vicedirector: Da\u00f1iel Go\u00f1i<\/p>\n\n\n\n<p>Regentes: Ver\u00f3nica Mayor y Sebasti\u00e1n Filipuzzi<\/p>\n\n\n\n<p>Secretaria: Andrea Carpini<\/p>\n\n\n\n<p>Jefes de \u00c1rea: Diego Enecoiz; Sof\u00eda Trobbiani; Carla Cenci; Gustavo Zalacain; Mauricio Blanco; Sof\u00eda Ochoteco.<\/p>\n","protected":false},"excerpt":{"rendered":"<p>50 A\u00d1OS El 10 de Agosto de 1970 se constituye el primer acto administrativo que da inicio formal a la historia institucional del Instituto Superior de Formaci\u00f3n Docente y T\u00e9cnica N\u00b0 48 con la firma de la Resoluci\u00f3n N\u00b0 1721\/70 por el entonces Ministro de Educaci\u00f3n de la Provincia de Buenos Aires, Sr. Alfredo Tagliabue. &#8230; <a title=\"HISTORIA INSTITUCIONAL\" class=\"read-more\" href=\"https:\/\/isfdyt48-bue.infd.edu.ar\/sitio\/historia-institucional-2\/\" aria-label=\"More on HISTORIA INSTITUCIONAL\">[+]<\/a><\/p>\n","protected":false},"author":135,"featured_media":0,"parent":0,"menu_order":0,"comment_status":"closed","ping_status":"closed","template":"","meta":[],"acf":[],"_links":{"self":[{"href":"https:\/\/isfdyt48-bue.infd.edu.ar\/sitio\/wp-json\/wp\/v2\/pages\/4206"}],"collection":[{"href":"https:\/\/isfdyt48-bue.infd.edu.ar\/sitio\/wp-json\/wp\/v2\/pages"}],"about":[{"href":"https:\/\/isfdyt48-bue.infd.edu.ar\/sitio\/wp-json\/wp\/v2\/types\/page"}],"author":[{"embeddable":true,"href":"https:\/\/isfdyt48-bue.infd.edu.ar\/sitio\/wp-json\/wp\/v2\/users\/135"}],"replies":[{"embeddable":true,"href":"https:\/\/isfdyt48-bue.infd.edu.ar\/sitio\/wp-json\/wp\/v2\/comments?post=4206"}],"version-history":[{"count":5,"href":"https:\/\/isfdyt48-bue.infd.edu.ar\/sitio\/wp-json\/wp\/v2\/pages\/4206\/revisions"}],"predecessor-version":[{"id":5539,"href":"https:\/\/isfdyt48-bue.infd.edu.ar\/sitio\/wp-json\/wp\/v2\/pages\/4206\/revisions\/5539"}],"wp:attachment":[{"href":"https:\/\/isfdyt48-bue.infd.edu.ar\/sitio\/wp-json\/wp\/v2\/media?parent=4206"}],"curies":[{"name":"wp","href":"https:\/\/api.w.org\/{rel}","templated":true}]}}

<p class="has-text-align-center" style="font-size:32px"><strong>50 AÑOS</strong></p>



<p>El 10 de Agosto de 1970 se constituye el primer acto administrativo que da inicio formal a la historia institucional del Instituto Superior de Formación Docente y Técnica N° 48 con la firma de la Resolución N° 1721/70 por el entonces Ministro de Educación de la Provincia de Buenos Aires, Sr. Alfredo Tagliabue. Dicha resolución establecía la creación en el Partido de Coronel Suárez de un Instituto Superior de Formación Docente que funcionará a partir del período educativo 1971.</p>



<p>Se inician las acciones que concretarían este proceso y el 28 de Julio de 1971, según consta en Acta N° 1/71, se dispone la creación de la Escuela Superior de Capacitación Directiva y Técnica dando inicio a su funcionamiento e inscripción de profesores aspirantes a las cátedras que en esta institución se dictarían. En tal acto se constituye como Director Ad-Honorem el Dr. Julio C. Lovecchio, como regente la Profesora Célica Salamero y como secretaria la profesora Ester Borsella. Pasado este proceso inicial de formación de docentes, la institución se constituye como Anexo del Instituto Superior N° 3 de Bahía Blanca hasta el 1 de Marzo de 1984 cuando logra su autonomía institucional siendo formalmente denominado Instituto Superior de Formación Docente y Técnica N° 48 siendo su primera directora la profesora Graciela Tamalet.</p>



<p>Se constituía en realidad el proyecto de acompañar el desarrollo regional con el desarrollo educativo, inaugurando una etapa donde la educación superior pública en el territorio comenzaba a formar parte de las posibilidades para la población del distrito.</p>



<p>Las primeras carreras docentes que se dictaron en la institución fueron Magisterio Especializado en Enseñanza Pre-Escolar; Asistente Educacional; Profesorado en Psicopedagogía; Educación de Adultos; Magisterio Diferenciado; Asistente Escolar Rural y Maestro Recuperador.</p>



<p>En relación a la formación técnica, se registran como las primeras alternativas de estudio en Coronel Suárez la Tecnicatura Superior en Administración Agraria, la Tecnicatura Superior Impositiva Contable y la Técnicatura Superior en Administración de Empresas.</p>



<p>Después de funcionar en diversos espacios institucionales, el 6 de Abril de 1981 se inaugura la primera sede propia del Instituto ubicada en la calle Sarmiento N° 463, en pleno centro de Coronel Suárez.</p>



<p>En el año 1989 el crecimiento institucional propicia la apertura del Anexo 348 en la localidad de Huanguelén, mediante Resolución 10.911.</p>



<p>Luego de arduas gestiones, el 6 de Noviembre del 2008, el Ministro de Educación Mario Oporto junto al Intendente Municipal Ricardo Móccero y la Directora Lic Raquel Malek,&nbsp; inauguran un moderno y amplio edificio ubicado en la intersección de las Avenidas Storni y Uriburu que no solo visibilizan la amplia y diversa actividad institucional sino que impactan con un crecimiento sostenido en su oferta de carreras y matrícula, contando en la actualidad con mil estudiantes y un equipo directivo y docente conformado por alrededor de 150 profesionales, formados y especializados en las diversas disciplinas que en la institución se enseñan.</p>



<p>La formación docente y técnica ha sido indudablemente el horizonte central de esta institución, que se ha planteado inscripta en un proyecto de desarrollo de la comunidad en la cual se halla arraigada, mediante la inserción de sus egresados/as en diversos espacios laborales así como desde el sostenido objetivo de informar, capacitar y favorecer la problematización y el debate sobre los temas que configuran cada tiempo histórico. La celebración de los 50 años del Instituto 48 es también la celebración de una comunidad que ha decidido que el desarrollo económico, social y productivo es insuficiente si no se plantea anudado al desarrollo educativo, desarrollo que otorga direccionalidad y sentido al verdadero crecimiento del distrito.</p>



<p style="font-size:30px"></p>



<p><strong><u>Equipo de Conducción Institucional 2025</u></strong></p>



<p>Directora: Clarisa Burgardt</p>



<p>Vicedirector: Dañiel Goñi</p>



<p>Regentes: Verónica Mayor y Sebastián Filipuzzi</p>



<p>Secretaria: Andrea Carpini</p>



<p>Jefes de Área: Diego Enecoiz; Sofía Trobbiani; Carla Cenci; Gustavo Zalacain; Mauricio Blanco; Sofía Ochoteco.</p>

<p>50 AÑOS El 10 de Agosto de 1970 se constituye el primer acto administrativo que da inicio formal a la historia institucional del Instituto Superior de Formación Docente y Técnica N° 48 con la firma de la Resolución N° 1721/70 por el entonces Ministro de Educación de la Provincia de Buenos Aires, Sr. Alfredo Tagliabue. &#8230; <a title="HISTORIA INSTITUCIONAL" class="read-more" href="https://isfdyt48-bue.infd.edu.ar/sitio/historia-institucional-2/" aria-label="More on HISTORIA INSTITUCIONAL">[+]</a></p>
