{"id":4261,"date":"2021-09-03T08:52:19","date_gmt":"2021-09-03T11:52:19","guid":{"rendered":"https:\/\/isfdyt48-bue.infd.edu.ar\/sitio\/?page_id=4261"},"modified":"2025-09-12T09:49:55","modified_gmt":"2025-09-12T12:49:55","slug":"cai","status":"publish","type":"page","link":"https:\/\/isfdyt48-bue.infd.edu.ar\/sitio\/cai\/","title":{"rendered":"CAI"},"content":{"rendered":"\n<p>El Consejo Acad\u00e9mico Institucional es un \u00f3rgano colegiado de asesoramiento, propuesta, debate y decisi\u00f3n para construir una gesti\u00f3n participativa, en el marco de la autonom\u00eda institucional en la unidad del sistema de la educaci\u00f3n superior, dentro de las regulaciones de la pol\u00edtica educativa, jurisdiccional y federal. La Resoluci\u00f3n 4044\/09 regula su funcionamiento como marco normativo general.<\/p>\n\n\n\n<p>En el ISFDYT 48 se ha logrado consolidar una tradici\u00f3n con un alto nivel de participaci\u00f3n de los diferentes claustros en el CAI, que se constituye en un espacio central para la gesti\u00f3n y proyecci\u00f3n institucional<\/p>\n\n\n\n<p style=\"font-size:30px\"><\/p>\n\n\n\n<h4 class=\"wp-block-heading\">CAI ISFDYT 48 Gesti\u00f3n 2024 &#8211; 2026<\/h4>\n\n\n\n<ul>\n<li>Claustro Docentes:\n<ul>\n<li>Titulares\n<ol>\n<li>Graciela Saint Julien<\/li>\n\n\n\n<li>Silvina Romagnoli<\/li>\n\n\n\n<li>Ivana Tempel<\/li>\n\n\n\n<li>Carolina Kehler<\/li>\n\n\n\n<li>Alejandro Schtre<\/li>\n\n\n\n<li>Virginia Salotti<\/li>\n<\/ol>\n<\/li>\n\n\n\n<li>Suplentes\n<ol>\n<li>Mariela Gardiner<\/li>\n\n\n\n<li>Juliena Perez Crespo<\/li>\n\n\n\n<li>Micaela Teiber<\/li>\n\n\n\n<li>Sofia Guarnieri<\/li>\n\n\n\n<li>Luis Deviagge<\/li>\n\n\n\n<li>Mailen Cejas<\/li>\n<\/ol>\n<\/li>\n<\/ul>\n<\/li>\n<\/ul>\n\n\n\n<div style=\"height:7px\" aria-hidden=\"true\" class=\"wp-block-spacer\"><\/div>\n\n\n\n<ul>\n<li>Claustro Estudiantes\n\n\n\n\n<ul>\n<li>Titulares\n<ol>\n<li>Constanza Su\u00e1rez<\/li>\n\n\n\n<li>Lautaro Ducid<\/li>\n\n\n\n<li>Lucila Ledesma<\/li>\n\n\n\n<li>Natalia Resch<\/li>\n\n\n\n<li>Laura Sarries<\/li>\n<\/ol>\n<\/li>\n<\/ul>\n\n\n\n<ul>\n<li>Suplentes\n<ol>\n<li>Benjamin Reske<\/li>\n\n\n\n<li>Valentina Ferreyra<\/li>\n<\/ol>\n<\/li>\n<\/ul>\n<\/li>\n<\/ul>\n\n\n\n<ul>\n<li>Claustro no docente (sin representaci\u00f3n)<\/li>\n<\/ul>\n\n\n\n<p>Asesora: Clarisa Burgardt<\/p>\n\n\n\n<p class=\"has-medium-font-size\"><\/p>\n\n\n\n<p><a href=\"https:\/\/isfdyt48-bue.infd.edu.ar\/sitio\/wp-content\/uploads\/2021\/09\/res_4044cai.pdf\">Resoluci\u00f3n CAI<\/a><\/p>\n","protected":false},"excerpt":{"rendered":"<p>El Consejo Acad\u00e9mico Institucional es un \u00f3rgano colegiado de asesoramiento, propuesta, debate y decisi\u00f3n para construir una gesti\u00f3n participativa, en el marco de la autonom\u00eda institucional en la unidad del sistema de la educaci\u00f3n superior, dentro de las regulaciones de la pol\u00edtica educativa, jurisdiccional y federal. La Resoluci\u00f3n 4044\/09 regula su funcionamiento como marco normativo &#8230; <a title=\"CAI\" class=\"read-more\" href=\"https:\/\/isfdyt48-bue.infd.edu.ar\/sitio\/cai\/\" aria-label=\"More on CAI\">[+]<\/a><\/p>\n","protected":false},"author":135,"featured_media":0,"parent":0,"menu_order":0,"comment_status":"closed","ping_status":"closed","template":"","meta":[],"acf":[],"_links":{"self":[{"href":"https:\/\/isfdyt48-bue.infd.edu.ar\/sitio\/wp-json\/wp\/v2\/pages\/4261"}],"collection":[{"href":"https:\/\/isfdyt48-bue.infd.edu.ar\/sitio\/wp-json\/wp\/v2\/pages"}],"about":[{"href":"https:\/\/isfdyt48-bue.infd.edu.ar\/sitio\/wp-json\/wp\/v2\/types\/page"}],"author":[{"embeddable":true,"href":"https:\/\/isfdyt48-bue.infd.edu.ar\/sitio\/wp-json\/wp\/v2\/users\/135"}],"replies":[{"embeddable":true,"href":"https:\/\/isfdyt48-bue.infd.edu.ar\/sitio\/wp-json\/wp\/v2\/comments?post=4261"}],"version-history":[{"count":14,"href":"https:\/\/isfdyt48-bue.infd.edu.ar\/sitio\/wp-json\/wp\/v2\/pages\/4261\/revisions"}],"predecessor-version":[{"id":5544,"href":"https:\/\/isfdyt48-bue.infd.edu.ar\/sitio\/wp-json\/wp\/v2\/pages\/4261\/revisions\/5544"}],"wp:attachment":[{"href":"https:\/\/isfdyt48-bue.infd.edu.ar\/sitio\/wp-json\/wp\/v2\/media?parent=4261"}],"curies":[{"name":"wp","href":"https:\/\/api.w.org\/{rel}","templated":true}]}}

<p>El Consejo Académico Institucional es un órgano colegiado de asesoramiento, propuesta, debate y decisión para construir una gestión participativa, en el marco de la autonomía institucional en la unidad del sistema de la educación superior, dentro de las regulaciones de la política educativa, jurisdiccional y federal. La Resolución 4044/09 regula su funcionamiento como marco normativo general.</p>



<p>En el ISFDYT 48 se ha logrado consolidar una tradición con un alto nivel de participación de los diferentes claustros en el CAI, que se constituye en un espacio central para la gestión y proyección institucional</p>



<p style="font-size:30px"></p>



<h4 class="wp-block-heading">CAI ISFDYT 48 Gestión 2024 &#8211; 2026</h4>



<ul>
<li>Claustro Docentes:
<ul>
<li>Titulares
<ol>
<li>Graciela Saint Julien</li>



<li>Silvina Romagnoli</li>



<li>Ivana Tempel</li>



<li>Carolina Kehler</li>



<li>Alejandro Schtre</li>



<li>Virginia Salotti</li>
</ol>
</li>



<li>Suplentes
<ol>
<li>Mariela Gardiner</li>



<li>Juliena Perez Crespo</li>



<li>Micaela Teiber</li>



<li>Sofia Guarnieri</li>



<li>Luis Deviagge</li>



<li>Mailen Cejas</li>
</ol>
</li>
</ul>
</li>
</ul>



<div style="height:7px" aria-hidden="true" class="wp-block-spacer"></div>



<ul>
<li>Claustro Estudiantes




<ul>
<li>Titulares
<ol>
<li>Constanza Suárez</li>



<li>Lautaro Ducid</li>



<li>Lucila Ledesma</li>



<li>Natalia Resch</li>



<li>Laura Sarries</li>
</ol>
</li>
</ul>



<ul>
<li>Suplentes
<ol>
<li>Benjamin Reske</li>



<li>Valentina Ferreyra</li>
</ol>
</li>
</ul>
</li>
</ul>



<ul>
<li>Claustro no docente (sin representación)</li>
</ul>



<p>Asesora: Clarisa Burgardt</p>



<p class="has-medium-font-size"></p>



<p><a href="https://isfdyt48-bue.infd.edu.ar/sitio/wp-content/uploads/2021/09/res_4044cai.pdf">Resolución CAI</a></p>

<p>El Consejo Académico Institucional es un órgano colegiado de asesoramiento, propuesta, debate y decisión para construir una gestión participativa, en el marco de la autonomía institucional en la unidad del sistema de la educación superior, dentro de las regulaciones de la política educativa, jurisdiccional y federal. La Resolución 4044/09 regula su funcionamiento como marco normativo &#8230; <a title="CAI" class="read-more" href="https://isfdyt48-bue.infd.edu.ar/sitio/cai/" aria-label="More on CAI">[+]</a></p>
