{"id":4278,"date":"2021-09-03T09:05:02","date_gmt":"2021-09-03T12:05:02","guid":{"rendered":"https:\/\/isfdyt48-bue.infd.edu.ar\/sitio\/?page_id=4278"},"modified":"2025-12-15T09:24:15","modified_gmt":"2025-12-15T12:24:15","slug":"cuerpo-docente-2","status":"publish","type":"page","link":"https:\/\/isfdyt48-bue.infd.edu.ar\/sitio\/cuerpo-docente-2\/","title":{"rendered":"Cuerpo Docente"},"content":{"rendered":"\n<figure class=\"wp-block-table alignleft is-style-stripes\"><table><tbody><tr><td>ALEBUENA, Hern\u00e1n Mart\u00edn<\/td><td><a href=\"mailto:heralebuena@abc.gob.ar\">heralebuena@abc.gob.ar<\/a><\/td><\/tr><tr><td>ANDES, Sebasti\u00e1n<\/td><td><a href=\"mailto:sandes@abc.gob.ar\">sandes@abc.gob.ar<\/a><\/td><\/tr><tr><td>ANTONELLI, Mercedes<\/td><td><a href=\"mailto:merantonelli@abc.gob.ar\">merantonelli@abc.gob.ar<\/a><\/td><\/tr><tr><td>ANZORENA, Miqueas<\/td><td><a href=\"mailto:manzorena1@abc.gob.ar\" target=\"_blank\" rel=\"noreferrer noopener\">manzorena1@abc.gob.ar<\/a><\/td><\/tr><tr><td>ARANDA, Silvana<\/td><td><\/td><\/tr><tr><td>ARROQUY, Eugenia<\/td><td><a href=\"mailto:marroquy@abc.gob.ar\" target=\"_blank\" rel=\"noreferrer noopener\">marroquy@abc.gob.ar<\/a><\/td><\/tr><tr><td>BACHMANN, Maria L<\/td><td><a href=\"mailto:mbachmann@abc.gob.ar\">mbachmann@abc.gob.ar<\/a><\/td><\/tr><tr><td>BILBAO, Mar\u00eda Eugenia<\/td><td><\/td><\/tr><tr><td>BLANCO, Carlos Mauricio<\/td><td><a href=\"mailto:carblanco1@abc.gob.ar\">carblanco1@abc.gob.ar<\/a><\/td><\/tr><tr><td>BONNATERRE, Juliana<\/td><td><a href=\"mailto:jbonnaterre@abc.gob.ar\">jbonnaterre@abc.gob.ar<\/a><\/td><\/tr><tr><td>BORSELLA, Mar\u00eda Luc\u00eda<\/td><td><a href=\"mailto:mborsella1@abc.gob.ar\">mborsella1@abc.gob.ar<\/a><\/td><\/tr><tr><td>BRAVO, Mar\u00eda Eugenia<\/td><td><a href=\"mailto:marbravo1@abc.gob.ar\">marbravo1@abc.gob.ar<\/a><\/td><\/tr><tr><td>BRAVO, Marinel<\/td><td><a href=\"mailto:marbravo6@abc.gob.ar\">marbravo6@abc.gob.ar<\/a><\/td><\/tr><tr><td>BURGARDT, Clarisa<\/td><td><a href=\"mailto:cburgardt3@abc.gob.ar\">cburgardt3@abc.gob.ar<\/a><\/td><\/tr><tr><td>CARPINI, Andrea Fabiana<\/td><td><a href=\"mailto:ancarpini@abc.gob.ar\">ancarpini@abc.gob.ar<\/a><\/td><\/tr><tr><td>CEJAS, Juliana<\/td><td><a href=\"mailto:julianacejas@abc.gob.ar\" target=\"_blank\" rel=\"noreferrer noopener\">julianacejas@abc.gob.ar<\/a><\/td><\/tr><tr><td>CEJAS, Roc\u00edo Mail\u00e9n<\/td><td><a href=\"mailto:rociocejas@abc.gob.ar\">rociocejas@abc.gob.ar<\/a><\/td><\/tr><tr><td>CENCI, Carla Guadalupe<\/td><td><a href=\"mailto:ccenci@abc.gob.ar\">ccenci@abc.gob.ar<\/a><\/td><\/tr><tr><td>CETTI, Mar\u00eda Itat\u00ed<\/td><td><a href=\"mailto:maria_cetti@yahoo.com.ar\" target=\"_blank\" rel=\"noreferrer noopener\">maria_cetti@yahoo.com.ar<\/a><\/td><\/tr><tr><td>CIGANDA, Francisco<\/td><td><a href=\"mailto:inesgraff01@gmail.com\" target=\"_blank\" rel=\"noreferrer noopener\">inesgraff01@gmail.com<\/a><\/td><\/tr><tr><td>CIMAROSTI, Ana In\u00e9s<\/td><td><a href=\"mailto:acimarosti@abc.gob.ar\">acimarosti@abc.gob.ar<\/a><\/td><\/tr><tr><td>CIMAROSTI, Marta L.<\/td><td><a href=\"mailto:mcimarosti@abc.gob.ar\">mcimarosti@abc.gob.ar<\/a><\/td><\/tr><tr><td>CINGOLANI, Julieta<\/td><td><a href=\"mailto:jcingolani1@abc.gob.ar\">jcingolani1@abc.gob.ar<\/a><\/td><\/tr><tr><td>CORNEJO, Ana Angela<\/td><td><a href=\"mailto:acornejo10@abc.gob.ar\">acornejo10@abc.gob.ar<\/a><\/td><\/tr><tr><td>CORONEL, Dina Alejandra<\/td><td><a href=\"mailto:dinacoronel@abc.gob.ar\">dinacoronel@abc.gob.ar<\/a><\/td><\/tr><tr><td>CORONEL, M\u00f3nica<\/td><td><a href=\"mailto:mocoronel@abc.gob.ar\">mocoronel@abc.gob.ar<\/a><\/td><\/tr><tr><td>CORREA, Beatriz<\/td><td><a href=\"mailto:marcorrea11@abc.gob.ar\">marcorrea11@abc.gob.ar<\/a><\/td><\/tr><tr><td>CRISOL, Ana Ines<\/td><td><a href=\"mailto:acrisol@abc.gob.ar\">acrisol@abc.gob.ar<\/a><\/td><\/tr><tr><td>CUESTA, Paula<\/td><td><\/td><\/tr><tr><td>DAHER, Anal\u00eda<\/td><td><a href=\"mailto:adaher1@abc.gob.ar\">adaher1@abc.gob.ar<\/a><\/td><\/tr><tr><td>DEVIAGGE, Luis<\/td><td><a href=\"mailto:rdeviagge@abc.gob.ar\">rdeviagge@abc.gob.ar<\/a><\/td><\/tr><tr><td>DUCA, Dar\u00edo Javier<\/td><td><a href=\"mailto:dduca@abc.gob.ar\">dduca@abc.gob.ar<\/a><\/td><\/tr><tr><td>DUC\u00d3S L\u00c1ZARO, Marina<\/td><td><a href=\"mailto:marinaducos@abc.gob.ar\" target=\"_blank\" rel=\"noreferrer noopener\">marinaducos@abc.gob.ar<\/a><\/td><\/tr><tr><td>EBERLE, Jos\u00e9 Luis<\/td><td><a href=\"mailto:joeberle@abc.gob.ar\">joeberle@abc.gob.ar<\/a><\/td><\/tr><tr><td>ECHECON, Ramiro<\/td><td><a href=\"mailto:rechecon@abc.gob.ar\">rechecon@abc.gob.ar<\/a><\/td><\/tr><tr><td>ENECOIZ, Diego<\/td><td><a href=\"mailto:denecoiz@abc.gob.ar\">denecoiz@abc.gob.ar<\/a><\/td><\/tr><tr><td>ETCHEVERRY, Carolina<\/td><td><a href=\"mailto:maretcheverry5@abc.gob.ar\">maretcheverry5@abc.gob.ar<\/a><\/td><\/tr><tr><td>FERLOSIO, Luciano Jos\u00e9<\/td><td><a href=\"mailto:lferlosio@abc.gob.ar\">lferlosio@abc.gob.ar<\/a><\/td><\/tr><tr><td>FERNANDEZ Caride, Ma Mercedes<\/td><td><a href=\"mailto:mfernandezcaride@abc.gob.ar\">mfernandezcaride@abc.gob.ar<\/a><\/td><\/tr><tr><td>FERNANDEZ CHAVEZ, Marcelo<\/td><td><a href=\"mailto:mfernandezchavez@abc.gob.ar\">mfernandezchavez@abc.gob.ar<\/a><\/td><\/tr><tr><td>FERNANDEZ, Diego Omar<\/td><td><a href=\"mailto:diegfernandez1@abc.gob.ar\">diegfernandez1@abc.gob.ar<\/a><\/td><\/tr><tr><td>FERRARO, Gustavo<\/td><td><a href=\"mailto:gusferraro@abc.gob.ar\">gusferraro@abc.gob.ar<\/a><\/td><\/tr><tr><td>GALLARDO, Florencia<\/td><td><a href=\"mailto:flogallardo1@abc.gob.ar\">flogallardo1@abc.gob.ar<\/a><\/td><\/tr><tr><td>GALLARDO, Melissa<\/td><td><a href=\"mailto:melgallardo@abc.gob.ar\">melgallardo@abc.gob.ar<\/a><\/td><\/tr><tr><td>GALLARDO, Sara<\/td><td><a href=\"mailto:saragallardo@abc.gob.ar\" target=\"_blank\" rel=\"noreferrer noopener\">saragallardo@abc.gob.ar<\/a><\/td><\/tr><tr><td>GALLO, Andrea Karina<\/td><td><a href=\"mailto:andgallo1@abc.gob.ar\">andgallo1@abc.gob.ar<\/a><\/td><\/tr><tr><td>GARAY, Juliana<\/td><td><a href=\"mailto:julianagaray@abc.gob.ar\" target=\"_blank\" rel=\"noreferrer noopener\">julianagaray@abc.gob.ar<\/a><\/td><\/tr><tr><td>GARDINER, Mariela<\/td><td><a href=\"mailto:mgardiner2@abc.gob.ar\">mgardiner2@abc.gob.ar<\/a><\/td><\/tr><tr><td>GARRALDA, Andrea<\/td><td><a href=\"mailto:agarralda2@abc.gob.ar\">agarralda2@abc.gob.ar<\/a><\/td><\/tr><tr><td>GASPE, Gast\u00f3n Esteban<\/td><td><a href=\"mailto:ggaspe@abc.gob.ar\">ggaspe@abc.gob.ar<\/a><\/td><\/tr><tr><td>GERK, Sofia<\/td><td><a href=\"mailto:sgerk@abc.gob.ar\" target=\"_blank\" rel=\"noreferrer noopener\">sgerk@abc.gob.ar<\/a><\/td><\/tr><tr><td>GIUPPONI, Cristina Leonor<\/td><td><a href=\"mailto:cristinagiupponi@abc.gob.ar\">cristinagiupponi@abc.gob.ar<\/a><\/td><\/tr><tr><td>GOMEZ, Carlos<\/td><td><a href=\"mailto:jani_gomez@hotmail.com\">jani_gomez@hotmail.com<\/a><\/td><\/tr><tr><td>GONZALEZ GIMENO, Juan Sebasti\u00e1n<\/td><td><a href=\"mailto:jgonzalezgimeno@abc.gob.ar\">jgonzalezgimeno@abc.gob.ar<\/a><\/td><\/tr><tr><td>GONZALEZ, Mar\u00eda Emilia<\/td><td><a href=\"mailto:mariagonzalez3@abc.gob.ar\">mariagonzalez3@abc.gob.ar<\/a><\/td><\/tr><tr><td>GO\u00d1I PISANO, Daniel<\/td><td><a href=\"mailto:dangoni@abc.gob.ar\">dangoni@abc.gob.ar<\/a><\/td><\/tr><tr><td>GO\u00d1I PISANO, Fernando<\/td><td><a href=\"mailto:fgonipisano@abc.gob.ar\">fgonipisano@abc.gob.ar<\/a><\/td><\/tr><tr><td>GOTTFRIED, Sebasti\u00e1n<\/td><td><a href=\"mailto:sgottfried@abc.gob.ar\">sgottfried@abc.gob.ar<\/a><\/td><\/tr><tr><td>GRAFF, Betiana<\/td><td><a href=\"mailto:bgraff1@abc.gob.ar\">bgraff1@abc.gob.ar<\/a><\/td><\/tr><tr><td>GRAFF, Magdalena<\/td><td><a href=\"mailto:maggraff@abc.gob.ar\" target=\"_blank\" rel=\"noreferrer noopener\">maggraff@abc.gob.ar<\/a><\/td><\/tr><tr><td>GRAFF, Patricia Isabel<\/td><td><a href=\"mailto:pgraff2@abc.gob.ar\">pgraff2@abc.gob.ar<\/a><\/td><\/tr><tr><td>GROS ALDECOA, Antonela Gisele<\/td><td><a href=\"mailto:antonelagros@abc.gob.ar\" target=\"_blank\" rel=\"noreferrer noopener\">antonelagros@abc.gob.ar<\/a><\/td><\/tr><tr><td>GUARNIERI, Sofia<\/td><td><a href=\"mailto:soguarnieri@abc.gob.ar\">soguarnieri@abc.gob.ar<\/a><\/td><\/tr><tr><td>HAIDT, Estefania<\/td><td><a href=\"mailto:eshaidt@abc.gob.ar\">eshaidt@abc.gob.ar<\/a><\/td><\/tr><tr><td>HAIDT, Mat\u00edas<\/td><td><a href=\"mailto:mhaidt@abc.gob.ar\">mhaidt@abc.gob.ar<\/a><\/td><\/tr><tr><td>HALL, Mar\u00eda Gladys<\/td><td><a href=\"mailto:mhall@abc.gob.ar\">mhall@abc.gob.ar<\/a><\/td><\/tr><tr><td>HELBLING, Mar\u00eda Roxana<\/td><td><a href=\"mailto:marhelbling@abc.gob.ar\">marhelbling@abc.gob.ar<\/a><\/td><\/tr><tr><td>HEINTZ, Mar\u00eda Virginia<\/td><td><a href=\"mailto:mheintz2@abc.gob.ar\">mheintz2@abc.gob.ar<\/a><\/td><\/tr><tr><td>HEINRICH, Agustina<\/td><td><a rel=\"noreferrer noopener\" target=\"_blank\" href=\"mailto:aheinrich1@abc.gob.ar\">aheinrich1@abc.gob.ar<\/a><\/td><\/tr><tr><td>HEINRICH, Emiliano<\/td><td><a href=\"mailto:emilianoheinrich@abc.gob.ar\" target=\"_blank\" rel=\"noreferrer noopener\">emilianoheinrich@abc.gob.ar<\/a><\/td><\/tr><tr><td>INGOUVILLE, Celina<\/td><td><a href=\"mailto:celinaingouville@abc.gob.ar\">celinaingouville@abc.gob.ar<\/a><\/td><\/tr><tr><td>IZAGUIRRE, Juan Manuel<\/td><td><a href=\"mailto:jizaguirre1@abc.gob.ar\" target=\"_blank\" rel=\"noreferrer noopener\">jizaguirre1@abc.gob.ar<\/a><\/td><\/tr><tr><td>JACOB, Romina<\/td><td><a href=\"mailto:rjacob1@abc.gob.ar\">rjacob1@abc.gob.ar<\/a><\/td><\/tr><tr><td>KEHLER, Carolina<\/td><td><a href=\"mailto:carolinakehler@abc.gob.ar\">carolinakehler@abc.gob.ar<\/a><\/td><\/tr><tr><td>KENIG ACU\u00d1A, Marta Ver\u00f3nica<\/td><td><a href=\"mailto:makenigacuna@abc.gob.ar\">makenigacuna@abc.gob.ar<\/a><\/td><\/tr><tr><td>KLEINER, Mariela L.<\/td><td><a href=\"mailto:mkleineruranga@abc.gob.ar\">mkleineruranga@abc.gob.ar<\/a><\/td><\/tr><tr><td>LARRIERA, Stella<\/td><td><a href=\"mailto:slarriera@abc.gob.ar\">slarriera@abc.gob.ar<\/a><\/td><\/tr><tr><td>LAVAL, Maria de los Angeles<\/td><td><a href=\"mailto:mlaval@abc.gob.ar\">mlaval@abc.gob.ar<\/a><\/td><\/tr><tr><td>LEDESMA, Mar\u00eda Emilia<\/td><td><a href=\"mailto:emilialchi918@abc.gob.ar\">emilialchi918@abc.gob.ar<\/a><\/td><\/tr><tr><td>LEZICA, Juan Manuel<\/td><td><a href=\"mailto:juanlezica@abc.gob.ar\">juanlezica@abc.gob.ar<\/a><\/td><\/tr><tr><td>LINDNER, Andrea Fabiana<\/td><td><a href=\"mailto:alindner1@abc.gob.ar\">alindner1@abc.gob.ar<\/a><\/td><\/tr><tr><td>LODOS, Juan Pablo<\/td><td><a href=\"mailto:julodos@abc.gob.ar\">julodos@abc.gob.ar<\/a><\/td><\/tr><tr><td>LOPEZ, Lucia<\/td><td><\/td><\/tr><tr><td>MAIMO, Alejandro<\/td><td><a href=\"mailto:alejandromaimo@abc.gob.ar\">alejandromaimo@abc.gob.ar<\/a><\/td><\/tr><tr><td>MARINO, Gustavo<\/td><td><a href=\"mailto:gmarino@abc.gob.ar\">gmarino@abc.gob.ar<\/a><\/td><\/tr><tr><td>MAYOR, Ver\u00f3nica<\/td><td><a href=\"mailto:vmayor1@abc.gob.ar\">vmayor1@abc.gob.ar<\/a><\/td><\/tr><tr><td>MEIER, Melina<\/td><td><a href=\"mailto:melinameier@abc.gob.ar\">melinameier@abc.gob.ar<\/a><\/td><\/tr><tr><td>MORAN, Norma Isabel<\/td><td><a href=\"mailto:nmoran10@abc.gob.ar\">nmoran10@abc.gob.ar<\/a><\/td><\/tr><tr><td>NEMET LLOPIS, Ignacio<\/td><td><a href=\"mailto:inemetllopis@abc.gob.ar\">inemetllopis@abc.gob.ar<\/a><\/td><\/tr><tr><td>OCHOTECO, Sofia<\/td><td><a href=\"mailto:sofiaochoteco@abc.gob.ar\">sofiaochoteco@abc.gob.ar<\/a><\/td><\/tr><tr><td>ORDMAN, Zulma Fabiana<\/td><td><a href=\"mailto:zordman@abc.gob.ar\">zordman@abc.gob.ar<\/a><\/td><\/tr><tr><td>ORDO\u00d1EZ, Pablo Fabi\u00e1n<\/td><td><a href=\"mailto:pordonez1@abc.gob.ar\">pordonez1@abc.gob.ar<\/a><\/td><\/tr><tr><td>ORLIACQ, Luisa<\/td><td><a href=\"mailto:morliacq@abc.gob.ar\">morliacq@abc.gob.ar<\/a><\/td><\/tr><tr><td>PALACIO, Tomas<\/td><td><a href=\"tp095@abc.gob.ar\">tp095@abc.gob.ar<\/a><\/td><\/tr><tr><td>PANE, Sergio Dar\u00edo<\/td><td><a href=\"mailto:spane@abc.gob.ar\">spane@abc.gob.ar<\/a><\/td><\/tr><tr><td>PEKEL, Anabel<\/td><td><a href=\"mailto:apekel@abc.gob.ar\">apekel@abc.gob.ar<\/a><\/td><\/tr><tr><td>PELLEGRINI, Carlos<\/td><td><a href=\"mailto:carpellegrini@abc.gob.ar\">carpellegrini@abc.gob.ar<\/a><\/td><\/tr><tr><td>PEREZ BEEUWSAERT, Soledad<\/td><td><a href=\"mailto:maperezbeeuwsaert@abc.gob.ar\">maperezbeeuwsaert@abc.gob.ar<\/a><\/td><\/tr><tr><td>PEREZ CRESPO, Juliana<\/td><td><a href=\"mailto:juperezcrespo@abc.gob.ar\">juperezcrespo@abc.gob.ar<\/a><\/td><\/tr><tr><td>PETRELLI, R\u00f2mulo<\/td><td><a href=\"mailto:rpetrelli1@abc.gob.ar\">rpetrelli1@abc.gob.ar<\/a><\/td><\/tr><tr><td>RACK, Mar\u00eda Carolina<\/td><td><a href=\"mailto:mrack1@abc.gob.ar\">mrack1@abc.gob.ar<\/a><\/td><\/tr><tr><td>RAIMONDO, Gustavo&nbsp;<\/td><td><a href=\"mailto:graimondo@abc.gob.ar\">graimondo@abc.gob.ar<\/a><\/td><\/tr><tr><td>RAVERA, Natal\u00edn<\/td><td><a href=\"mailto:nravera2@abc.gob.ar\">nravera2@abc.gob.ar<\/a><\/td><\/tr><tr><td>RECOVSKI, Sebastian<\/td><td><a href=\"mailto:srekovski@abc.gob.ar\">srekovski@abc.gob.ar<\/a><\/td><\/tr><tr><td>RESER, Ana Bel\u00e9n<\/td><td><a href=\"mailto:areser@abc.gob.ar\">areser@abc.gob.ar<\/a><\/td><\/tr><tr><td>RISUE\u00d1O, Jos\u00e9 Ernesto<\/td><td><a href=\"mailto:jrisueno@abc.gob.ar\">jrisueno@abc.gob.ar<\/a><\/td><\/tr><tr><td>ROMAGNOLI, Silvina A.<\/td><td><a href=\"mailto:sromagnoli2@abc.gob.ar\">sromagnoli2@abc.gob.ar<\/a><\/td><\/tr><tr><td>ROSOLEN, Cristina<\/td><td><a href=\"mailto:crosolen@abc.gob.ar\">crosolen@abc.gob.ar<\/a><\/td><\/tr><tr><td>ROSSETTI, Juan Carlos<\/td><td><a href=\"mailto:jrossetti1@abc.gob.ar\">jrossetti1@abc.gob.ar<\/a><\/td><\/tr><tr><td>RUBIO, Rafael R.<\/td><td><a href=\"mailto:rrubio3@abc.gob.ar\">rrubio3@abc.gob.ar<\/a><\/td><\/tr><tr><td>SALOTTI, Mar\u00eda Virginia<\/td><td><a href=\"mailto:masalotti@abc.gob.ar\">masalotti@abc.gob.ar<\/a><\/td><\/tr><tr><td>SANTAMARINA, Constanza<\/td><td><a href=\"mailto:constanzasantamarina@abc.gob.ar\">constanzasantamarina@abc.gob.ar<\/a><\/td><\/tr><tr><td>SAUER, Mar\u00eda Luz<\/td><td><a href=\"mailto:lusauer@abc.gob.ar\" target=\"_blank\" rel=\"noreferrer noopener\">lusauer@abc.gob.ar<\/a><\/td><\/tr><tr><td>SCHEFFER, Mar\u00eda Julia<\/td><td><a href=\"mailto:mscheffer9@abc.gob.ar\">mscheffer9@abc.gob.ar<\/a><\/td><\/tr><tr><td>SCHMIDT, Mar\u00eda Andrea<\/td><td><a href=\"mailto:maschmidt4@abc.gob.ar\">maschmidt4@abc.gob.ar<\/a><\/td><\/tr><tr><td>SCHMIDT, Miguel<\/td><td><a href=\"mailto:mischmidt1@abc.gob.ar\">mischmidt1@abc.gob.ar<\/a><\/td><\/tr><tr><td>SCHTRE, Alejandro<\/td><td><a href=\"mailto:alschtre@abc.gob.ar\">alschtre@abc.gob.ar<\/a><\/td><\/tr><tr><td>SCHNEIDER, Braian<\/td><td><a href=\"bschneider@abc.gob.ar\">bschneider@abc.gob.ar<\/a><\/td><\/tr><tr><td>SCHWINDT, Ana Ines<\/td><td><a href=\"mailto:aschwindt3@abc.gob.ar\">aschwindt3@abc.gob.ar<\/a><\/td><\/tr><tr><td>SCHWINDT, Fernanda V.<\/td><td><a href=\"mailto:fschwindt1@abc.gob.ar\">fschwindt1@abc.gob.ar<\/a><\/td><\/tr><tr><td>SCIPIONE, Claudia<\/td><td><a href=\"mailto:cscipione@abc.gob.ar\">cscipione@abc.gob.ar<\/a><\/td><\/tr><tr><td>STEINMETZ, Patricia<\/td><td><a href=\"mailto:psteinmetz@abc.gob.ar\">psteinmetz@abc.gob.ar<\/a><\/td><\/tr><tr><td>STREITENBERGER, Sof\u00eda<\/td><td><a href=\"mailto:astreitenberger@abc.gob.ar\">astreitenberger@abc.gob.ar<\/a><\/td><\/tr><tr><td>SULJIC, Silvana<\/td><td><a href=\"mailto:silsuljic@abc.gob.ar\">silsuljic@abc.gob.ar<\/a><\/td><\/tr><tr><td>TEIBER, Micaela<\/td><td><a href=\"mailto:miteiber@abc.gob.ar\">miteiber@abc.gob.ar<\/a><\/td><\/tr><tr><td>TEMPEL, Ivana<\/td><td><a href=\"mailto:mtraveria@abc.gob.ar\">ivanatempel@abc.gob.ar<\/a><\/td><\/tr><tr><td>THOMAS, Mar\u00eda Julia<\/td><td><a href=\"mailto:juliathomas@abc.gob.ar\" target=\"_blank\" rel=\"noreferrer noopener\">juliathomas@abc.gob.ar<\/a><\/td><\/tr><tr><td>TOMSIG, Fernando<\/td><td><\/td><\/tr><tr><td>TRAVERIA, Alejandra<\/td><td><a href=\"mailto:mtraveria@abc.gob.ar\">mtraveria@abc.gob.ar<\/a><\/td><\/tr><tr><td>TRAVERIA, Marta Elina<\/td><td><a href=\"mailto:martatraveria@abc.gob.ar\">martatraveria@abc.gob.ar<\/a><\/td><\/tr><tr><td>TROBBIANI, Sof\u00eda<\/td><td><a href=\"mailto:strobbiani@abc.gob.ar\">strobbiani@abc.gob.ar<\/a><\/td><\/tr><tr><td>UGARTE, Eliana Lorena<\/td><td><a href=\"mailto:eliugarte@abc.gob.ar\">eliugarte@abc.gob.ar<\/a><\/td><\/tr><tr><td>VALEA, Leandro<\/td><td><a href=\"mailto:leavalea@abc.gob.ar\" target=\"_blank\" rel=\"noreferrer noopener\">leavalea@abc.gob.ar<\/a><\/td><\/tr><tr><td>VEGA, Stephanie<\/td><td><a href=\"mailto:stevega@abc.gob.ar\">stevega@abc.gob.ar<\/a><\/td><\/tr><tr><td>V\u00c9NERE, Ana<\/td><td><a href=\"mailto:anavenere13@abc.gob.ar\">anavenere13@abc.gob.ar<\/a><\/td><\/tr><tr><td>VILLALBA, Carolina Bel\u00e9n<\/td><td><a href=\"mailto:carolinavillalba@abc.gob.ar\" target=\"_blank\" rel=\"noreferrer noopener\">carolinavillalba@abc.gob.ar<\/a><\/td><\/tr><tr><td>VISSANI, Sabrina<\/td><td><a href=\"mailto:svissani@abc.gob.ar\">svissani@abc.gob.ar<\/a><\/td><\/tr><tr><td>VIVIER, Virginia<\/td><td><a href=\"mailto:vvivier@abc.gob.ar\" target=\"_blank\" rel=\"noreferrer noopener\">vvivier@abc.gob.ar<\/a><\/td><\/tr><tr><td>WAGNER, Marcela<\/td><td><a href=\"mailto:marwagner4@abc.gob.ar\">marwagner4@abc.gob.ar<\/a><\/td><\/tr><tr><td>WALTER, Rene\u00e9 Alejandra<\/td><td><a href=\"mailto:reneewalter@abc.gob.ar\">reneewalter@abc.gob.ar<\/a><\/td><\/tr><tr><td>ZALACAIN, Gustavo<\/td><td><a href=\"mailto:gzalacain@abc.gob.ar\">gzalacain@abc.gob.ar<\/a><\/td><\/tr><tr><td>ZANELLI, Mariela Anahi<\/td><td><a href=\"mailto:mzanelli1@abc.gob.ar\">mzanelli1@abc.gob.ar<\/a><\/td><\/tr><tr><td>ZARATE, Marcos Adolfo<\/td><td><a href=\"mailto:mazarate5@abc.gob.ar\">mazarate5@abc.gob.ar<\/a><\/td><\/tr><tr><td>ZUNGRE, Julieta<\/td><td><a href=\"mailto:julietazungre@gmail.com\">julietazungre@gmail.com<\/a><\/td><\/tr><\/tbody><\/table><\/figure>\n","protected":false},"excerpt":{"rendered":"<p>ALEBUENA, Hern\u00e1n Mart\u00edn heralebuena@abc.gob.ar ANDES, Sebasti\u00e1n sandes@abc.gob.ar ANTONELLI, Mercedes merantonelli@abc.gob.ar ANZORENA, Miqueas manzorena1@abc.gob.ar ARANDA, Silvana ARROQUY, Eugenia marroquy@abc.gob.ar BACHMANN, Maria L mbachmann@abc.gob.ar BILBAO, Mar\u00eda Eugenia BLANCO, Carlos Mauricio carblanco1@abc.gob.ar BONNATERRE, Juliana jbonnaterre@abc.gob.ar BORSELLA, Mar\u00eda Luc\u00eda mborsella1@abc.gob.ar BRAVO, Mar\u00eda Eugenia marbravo1@abc.gob.ar BRAVO, Marinel marbravo6@abc.gob.ar BURGARDT, Clarisa cburgardt3@abc.gob.ar CARPINI, Andrea Fabiana ancarpini@abc.gob.ar CEJAS, Juliana julianacejas@abc.gob.ar CEJAS, Roc\u00edo &#8230; <a title=\"Cuerpo Docente\" class=\"read-more\" href=\"https:\/\/isfdyt48-bue.infd.edu.ar\/sitio\/cuerpo-docente-2\/\" aria-label=\"More on Cuerpo Docente\">[+]<\/a><\/p>\n","protected":false},"author":135,"featured_media":0,"parent":0,"menu_order":0,"comment_status":"closed","ping_status":"closed","template":"","meta":[],"acf":[],"_links":{"self":[{"href":"https:\/\/isfdyt48-bue.infd.edu.ar\/sitio\/wp-json\/wp\/v2\/pages\/4278"}],"collection":[{"href":"https:\/\/isfdyt48-bue.infd.edu.ar\/sitio\/wp-json\/wp\/v2\/pages"}],"about":[{"href":"https:\/\/isfdyt48-bue.infd.edu.ar\/sitio\/wp-json\/wp\/v2\/types\/page"}],"author":[{"embeddable":true,"href":"https:\/\/isfdyt48-bue.infd.edu.ar\/sitio\/wp-json\/wp\/v2\/users\/135"}],"replies":[{"embeddable":true,"href":"https:\/\/isfdyt48-bue.infd.edu.ar\/sitio\/wp-json\/wp\/v2\/comments?post=4278"}],"version-history":[{"count":29,"href":"https:\/\/isfdyt48-bue.infd.edu.ar\/sitio\/wp-json\/wp\/v2\/pages\/4278\/revisions"}],"predecessor-version":[{"id":5638,"href":"https:\/\/isfdyt48-bue.infd.edu.ar\/sitio\/wp-json\/wp\/v2\/pages\/4278\/revisions\/5638"}],"wp:attachment":[{"href":"https:\/\/isfdyt48-bue.infd.edu.ar\/sitio\/wp-json\/wp\/v2\/media?parent=4278"}],"curies":[{"name":"wp","href":"https:\/\/api.w.org\/{rel}","templated":true}]}}