{"id":4281,"date":"2021-09-03T09:05:58","date_gmt":"2021-09-03T12:05:58","guid":{"rendered":"https:\/\/isfdyt48-bue.infd.edu.ar\/sitio\/?page_id=4281"},"modified":"2026-02-24T08:47:40","modified_gmt":"2026-02-24T11:47:40","slug":"concurso-de-materias","status":"publish","type":"page","link":"https:\/\/isfdyt48-bue.infd.edu.ar\/sitio\/concurso-de-materias\/","title":{"rendered":"Concurso de Materias"},"content":{"rendered":"\n<p>La selecci\u00f3n de aspirantes a profesores&nbsp;provisionales y suplentes se realiza seg\u00fan Resoluci\u00f3n N\u00ba <a href=\"https:\/\/isfdyt48-bue.infd.edu.ar\/sitio\/wp-content\/uploads\/2025\/12\/RESOC-2025-6179-GDEBA-DGCYE-2.pdf\" target=\"_blank\" rel=\"noreferrer noopener\">6179\/25<\/a>. Las llamadas a cobertura de asignaturas se realizan a trav\u00e9s de Secretar\u00eda de Asuntos Docentes.<\/p>\n\n\n\n<p>Para la elaboraci\u00f3n del Proyecto Curricular deber\u00e1n respetarse los CONTENIDOS MINIMOS&nbsp;de la asignatura a concursar los cuales pueden consultarse&nbsp;en la secci\u00f3n <a rel=\"noreferrer noopener\" href=\"https:\/\/isfdyt48-bue.infd.edu.ar\/sitio\/carreras_1\/\" target=\"_blank\">CARRERAS<\/a>, de esta p\u00e1gina o en la p\u00e1gina del ABC de la DGCYE.<\/p>\n\n\n\n<p style=\"font-size:40px\"><\/p>\n\n\n\n<h2 class=\"wp-block-heading\" style=\"font-size:18px\">Requisitos para la entrega de proyectos &#8211; <a rel=\"noreferrer noopener\" href=\"https:\/\/isfdyt48-bue.infd.edu.ar\/sitio\/wp-content\/uploads\/2025\/12\/RESOC-2025-6179-GDEBA-DGCYE-2.pdf\" target=\"_blank\">Normativa a utilizar\u00a0Resoluci\u00f3n\u00a0N\u00b0 6179\/25<\/a><\/h2>\n\n\n\n<p>Anexo 9 Resoluci\u00f3n 6179\/25 &#8211; Cobertura Unidades Curriculares click <a href=\"https:\/\/isfdyt48-bue.infd.edu.ar\/sitio\/wp-content\/uploads\/2026\/02\/ANEXO-9-Formulario-1-y-2-Planilla-de-inscripcion-y-DDJJ.docx\" target=\"_blank\" rel=\"noreferrer noopener\">aqu\u00ed<\/a><\/p>\n\n\n\n<p style=\"font-size:40px\"><\/p>\n\n\n\n<h2 class=\"wp-block-heading\" style=\"font-size:18px\">Tutoriales<\/h2>\n\n\n\n<p>Power Point Presentaci\u00f3n de Proyectos click <a href=\"https:\/\/isfdyt48-bue.infd.edu.ar\/sitio\/wp-content\/uploads\/2025\/12\/cobertura-catedras-cambios-jubilados-y-antecedentes.pptx\" target=\"_blank\" rel=\"noreferrer noopener\">aqu\u00ed<\/a><\/p>\n\n\n\n<p><\/p>\n","protected":false},"excerpt":{"rendered":"<p>La selecci\u00f3n de aspirantes a profesores&nbsp;provisionales y suplentes se realiza seg\u00fan Resoluci\u00f3n N\u00ba 6179\/25. Las llamadas a cobertura de asignaturas se realizan a trav\u00e9s de Secretar\u00eda de Asuntos Docentes. Para la elaboraci\u00f3n del Proyecto Curricular deber\u00e1n respetarse los CONTENIDOS MINIMOS&nbsp;de la asignatura a concursar los cuales pueden consultarse&nbsp;en la secci\u00f3n CARRERAS, de esta p\u00e1gina o &#8230; <a title=\"Concurso de Materias\" class=\"read-more\" href=\"https:\/\/isfdyt48-bue.infd.edu.ar\/sitio\/concurso-de-materias\/\" aria-label=\"More on Concurso de Materias\">[+]<\/a><\/p>\n","protected":false},"author":135,"featured_media":0,"parent":0,"menu_order":0,"comment_status":"closed","ping_status":"closed","template":"","meta":[],"acf":[],"_links":{"self":[{"href":"https:\/\/isfdyt48-bue.infd.edu.ar\/sitio\/wp-json\/wp\/v2\/pages\/4281"}],"collection":[{"href":"https:\/\/isfdyt48-bue.infd.edu.ar\/sitio\/wp-json\/wp\/v2\/pages"}],"about":[{"href":"https:\/\/isfdyt48-bue.infd.edu.ar\/sitio\/wp-json\/wp\/v2\/types\/page"}],"author":[{"embeddable":true,"href":"https:\/\/isfdyt48-bue.infd.edu.ar\/sitio\/wp-json\/wp\/v2\/users\/135"}],"replies":[{"embeddable":true,"href":"https:\/\/isfdyt48-bue.infd.edu.ar\/sitio\/wp-json\/wp\/v2\/comments?post=4281"}],"version-history":[{"count":11,"href":"https:\/\/isfdyt48-bue.infd.edu.ar\/sitio\/wp-json\/wp\/v2\/pages\/4281\/revisions"}],"predecessor-version":[{"id":5654,"href":"https:\/\/isfdyt48-bue.infd.edu.ar\/sitio\/wp-json\/wp\/v2\/pages\/4281\/revisions\/5654"}],"wp:attachment":[{"href":"https:\/\/isfdyt48-bue.infd.edu.ar\/sitio\/wp-json\/wp\/v2\/media?parent=4281"}],"curies":[{"name":"wp","href":"https:\/\/api.w.org\/{rel}","templated":true}]}}

<p>La selección de aspirantes a profesores&nbsp;provisionales y suplentes se realiza según Resolución Nº <a href="https://isfdyt48-bue.infd.edu.ar/sitio/wp-content/uploads/2025/12/RESOC-2025-6179-GDEBA-DGCYE-2.pdf" target="_blank" rel="noreferrer noopener">6179/25</a>. Las llamadas a cobertura de asignaturas se realizan a través de Secretaría de Asuntos Docentes.</p>



<p>Para la elaboración del Proyecto Curricular deberán respetarse los CONTENIDOS MINIMOS&nbsp;de la asignatura a concursar los cuales pueden consultarse&nbsp;en la sección <a rel="noreferrer noopener" href="https://isfdyt48-bue.infd.edu.ar/sitio/carreras_1/" target="_blank">CARRERAS</a>, de esta página o en la página del ABC de la DGCYE.</p>



<p style="font-size:40px"></p>



<h2 class="wp-block-heading" style="font-size:18px">Requisitos para la entrega de proyectos &#8211; <a rel="noreferrer noopener" href="https://isfdyt48-bue.infd.edu.ar/sitio/wp-content/uploads/2025/12/RESOC-2025-6179-GDEBA-DGCYE-2.pdf" target="_blank">Normativa a utilizar Resolución N° 6179/25</a></h2>



<p>Anexo 9 Resolución 6179/25 &#8211; Cobertura Unidades Curriculares click <a href="https://isfdyt48-bue.infd.edu.ar/sitio/wp-content/uploads/2026/02/ANEXO-9-Formulario-1-y-2-Planilla-de-inscripcion-y-DDJJ.docx" target="_blank" rel="noreferrer noopener">aquí</a></p>



<p style="font-size:40px"></p>



<h2 class="wp-block-heading" style="font-size:18px">Tutoriales</h2>



<p>Power Point Presentación de Proyectos click <a href="https://isfdyt48-bue.infd.edu.ar/sitio/wp-content/uploads/2025/12/cobertura-catedras-cambios-jubilados-y-antecedentes.pptx" target="_blank" rel="noreferrer noopener">aquí</a></p>



<p></p>

<p>La selección de aspirantes a profesores&nbsp;provisionales y suplentes se realiza según Resolución Nº 6179/25. Las llamadas a cobertura de asignaturas se realizan a través de Secretaría de Asuntos Docentes. Para la elaboración del Proyecto Curricular deberán respetarse los CONTENIDOS MINIMOS&nbsp;de la asignatura a concursar los cuales pueden consultarse&nbsp;en la sección CARRERAS, de esta página o &#8230; <a title="Concurso de Materias" class="read-more" href="https://isfdyt48-bue.infd.edu.ar/sitio/concurso-de-materias/" aria-label="More on Concurso de Materias">[+]</a></p>
