{"id":4407,"date":"2021-09-20T09:21:10","date_gmt":"2021-09-20T12:21:10","guid":{"rendered":"https:\/\/isfdyt48-bue.infd.edu.ar\/sitio\/?page_id=4407"},"modified":"2023-10-03T09:10:38","modified_gmt":"2023-10-03T12:10:38","slug":"informacion-estudiantes","status":"publish","type":"page","link":"https:\/\/isfdyt48-bue.infd.edu.ar\/sitio\/informacion-estudiantes\/","title":{"rendered":"Informaci\u00f3n Estudiantes"},"content":{"rendered":"\n<p><strong>Matriculaci\u00f3n:<\/strong><\/p>\n\n\n\n<ul>\n<li>Los\/las estudiantes deber\u00e1n matricularse en aquellas materias que cursar\u00e1n efectivamente durante ese a\u00f1o de manera presencial o libre. (s\u00f3lo podr\u00e1n cursarse libres el 30 % de las materias por a\u00f1o. Quedan exceptuados de este r\u00e9gimen los Talleres, Seminarios, Ateneos y los Campos de la Pr\u00e1ctica Docente y de la Pr\u00e1ctica Profesional)<\/li>\n<\/ul>\n\n\n\n<p><strong>Materias Promocionales<\/strong>:<\/p>\n\n\n\n<ul>\n<li>Para acceder a la promoci\u00f3n de la materia el\/la estudiante tendr\u00e1 que tener la cursada de las materias correlativas aprobadas, la asistencia del 60% a las clases y las condiciones que el profesor estableci\u00f3 como instancias evaluativas, las cu\u00e1les deben haber sido calificadas con un promedio de 7 (siete) o m\u00e1s, habiendo sido aprobadas con 4(cuatro) o m\u00e1s en la primera instancia (o sea el alumno no debe desaprobar ni el primer parcial ni el segundo parcial);<\/li>\n\n\n\n<li>El\/la estudiante que accedi\u00f3 a la promoci\u00f3n de la materia DEBE INSCRIBIRSE AL FINAL EN EL PRIMER LLAMADO;<\/li>\n\n\n\n<li>El\/la docente dejar\u00e1 asentado en las planillas de calificaci\u00f3n anual qui\u00e9nes son los\/las estudiantes que promocionaron la materia para que se confeccione luego el acta respectivo. Debe quedar una calificaci\u00f3n en la columna que dice cursada aprobada. (En lugar de una x (cruz), colocar la nota);<\/li>\n\n\n\n<li>El\/la docente debe presentarse a confeccionar y firmar el acta con los\/las estudiantes que promocionaron en d\u00edas establecidos previamente cada a\u00f1o, los cuales ser\u00e1n informados por  preceptores\/as de cada carrera;<\/li>\n\n\n\n<li>La libreta de estudiante queda firmada por el\/la docente en la secci\u00f3n ex\u00e1menes finales con la calificaci\u00f3n con la que promocionaron.<\/li>\n<\/ul>\n\n\n\n<p><strong>Ex\u00e1menes finales:<\/strong><\/p>\n\n\n\n<ul>\n<li>El\/la estudiante podr\u00e1 inscribirse para rendir examen final si cumpli\u00f3 con el 60% de asistencia a clase;<\/li>\n\n\n\n<li>Si tiene la cursada aprobada;<\/li>\n\n\n\n<li>Si tiene aprobadas las materias correlativas;<\/li>\n\n\n\n<li>El\/la estudiante podr\u00e1 inscribirse optando por una \u00fanica fecha por turno.&nbsp; Por ej. Si se anota en el primer llamado, no podr\u00e1 inscribirse en el segundo una vez finalizado el per\u00edodo de inscripci\u00f3n;<\/li>\n\n\n\n<li>Una vez finalizado el per\u00edodo de inscripci\u00f3n no podr\u00e1 cambiarse de fecha;<\/li>\n\n\n\n<li>Si decide no presentarse a rendir la evaluaci\u00f3n final, deber\u00e1 borrarse en el sistema SIVI 48 hs. antes de la fecha de examen.-<\/li>\n\n\n\n<li>Materias libres<strong>: <\/strong>El\/la estudiante libre se inscribir\u00e1 solamente en el primer llamado. En ese llamado rendir\u00e1 la primera instancia escrita y quedar\u00e1 autom\u00e1ticamente inscripto para que en el segundo llamado se tome el coloquio en forma oral para completar la evaluaci\u00f3n final, si la instancia escrita fuese aprobada. Reci\u00e9n teniendo aprobadas las dos instancias quedar\u00e1 asentado en el acta la aprobaci\u00f3n de la materia;<\/li>\n\n\n\n<li>En caso que repruebe en el periodo noviembre-diciembre, podr\u00e1 anotarse nuevamente en el periodo Febrero \u2013 Marzo, en la modalidad establecida en el punto Materias Libres. SI NO APROBASE EN ESTA INSTANCIA DEBER\u00c1 RECURSAR LA MATERIA EN CUALQUIERA DE LAS MODALIDADES POSIBLES (Libre o Presencial)<\/li>\n<\/ul>\n\n\n\n<p style=\"font-size:40px\"><\/p>\n\n\n\n<p><strong>Cuadernillo de Ingreso Para Estudiantes<\/strong> descargar <a rel=\"noreferrer noopener\" href=\"https:\/\/isfdyt48-bue.infd.edu.ar\/sitio\/wp-content\/uploads\/2021\/09\/cuadernillo-de-igreso-para-estudiantes.pdf\" target=\"_blank\">aqu\u00ed<\/a><\/p>\n\n\n\n<p style=\"font-size:40px\"><\/p>\n\n\n\n<p><strong>Sistema de Cr\u00e9ditos:<\/strong><\/p>\n\n\n\n<ul>\n<li>El Consejo Acad\u00e9mico Institucional y el Equipo de Conducci\u00f3n resuelven aprobar a partir del a\u00f1o 2017 un sistema de cr\u00e9ditos que complementar\u00eda la formaci\u00f3n docente y t\u00e9cnica.<\/li>\n\n\n\n<li>Se acuerda en definir cr\u00e9dito acad\u00e9mico como la unidad que mide el tiempo de formaci\u00f3n del estudiante en Educaci\u00f3n Superior en funci\u00f3n de las competencias profesionales y acad\u00e9micas que se espera que el mismo desarrolle y que deben ser acreditadas de manera independiente del cursado de los espacios curriculares.<\/li>\n<\/ul>\n\n\n\n<p>Para descargar la Propuesta Institucional de Cr\u00e9ditos click <a href=\"https:\/\/isfdyt48-bue.infd.edu.ar\/sitio\/wp-content\/uploads\/2022\/04\/Sistema-de-Creditos_2022.pdf\" target=\"_blank\" rel=\"noreferrer noopener\">aqu\u00ed<\/a><\/p>\n\n\n\n<p>Para descargar la Planilla click <a href=\"https:\/\/isfdyt48-bue.infd.edu.ar\/sitio\/wp-content\/uploads\/2022\/04\/1-PLANILLA-CREDITOS-PARA-ALUMNOS.pdf\" target=\"_blank\" rel=\"noreferrer noopener\">aqu\u00ed<\/a><\/p>\n","protected":false},"excerpt":{"rendered":"<p>Matriculaci\u00f3n: Materias Promocionales: Ex\u00e1menes finales: Cuadernillo de Ingreso Para Estudiantes descargar aqu\u00ed Sistema de Cr\u00e9ditos: Para descargar la Propuesta Institucional de Cr\u00e9ditos click aqu\u00ed Para descargar la Planilla click aqu\u00ed<\/p>\n","protected":false},"author":135,"featured_media":0,"parent":0,"menu_order":0,"comment_status":"closed","ping_status":"closed","template":"","meta":[],"acf":[],"_links":{"self":[{"href":"https:\/\/isfdyt48-bue.infd.edu.ar\/sitio\/wp-json\/wp\/v2\/pages\/4407"}],"collection":[{"href":"https:\/\/isfdyt48-bue.infd.edu.ar\/sitio\/wp-json\/wp\/v2\/pages"}],"about":[{"href":"https:\/\/isfdyt48-bue.infd.edu.ar\/sitio\/wp-json\/wp\/v2\/types\/page"}],"author":[{"embeddable":true,"href":"https:\/\/isfdyt48-bue.infd.edu.ar\/sitio\/wp-json\/wp\/v2\/users\/135"}],"replies":[{"embeddable":true,"href":"https:\/\/isfdyt48-bue.infd.edu.ar\/sitio\/wp-json\/wp\/v2\/comments?post=4407"}],"version-history":[{"count":7,"href":"https:\/\/isfdyt48-bue.infd.edu.ar\/sitio\/wp-json\/wp\/v2\/pages\/4407\/revisions"}],"predecessor-version":[{"id":5248,"href":"https:\/\/isfdyt48-bue.infd.edu.ar\/sitio\/wp-json\/wp\/v2\/pages\/4407\/revisions\/5248"}],"wp:attachment":[{"href":"https:\/\/isfdyt48-bue.infd.edu.ar\/sitio\/wp-json\/wp\/v2\/media?parent=4407"}],"curies":[{"name":"wp","href":"https:\/\/api.w.org\/{rel}","templated":true}]}}

Información Estudiantes

<p><strong>Matriculación:</strong></p>



<ul>
<li>Los/las estudiantes deberán matricularse en aquellas materias que cursarán efectivamente durante ese año de manera presencial o libre. (sólo podrán cursarse libres el 30 % de las materias por año. Quedan exceptuados de este régimen los Talleres, Seminarios, Ateneos y los Campos de la Práctica Docente y de la Práctica Profesional)</li>
</ul>



<p><strong>Materias Promocionales</strong>:</p>



<ul>
<li>Para acceder a la promoción de la materia el/la estudiante tendrá que tener la cursada de las materias correlativas aprobadas, la asistencia del 60% a las clases y las condiciones que el profesor estableció como instancias evaluativas, las cuáles deben haber sido calificadas con un promedio de 7 (siete) o más, habiendo sido aprobadas con 4(cuatro) o más en la primera instancia (o sea el alumno no debe desaprobar ni el primer parcial ni el segundo parcial);</li>



<li>El/la estudiante que accedió a la promoción de la materia DEBE INSCRIBIRSE AL FINAL EN EL PRIMER LLAMADO;</li>



<li>El/la docente dejará asentado en las planillas de calificación anual quiénes son los/las estudiantes que promocionaron la materia para que se confeccione luego el acta respectivo. Debe quedar una calificación en la columna que dice cursada aprobada. (En lugar de una x (cruz), colocar la nota);</li>



<li>El/la docente debe presentarse a confeccionar y firmar el acta con los/las estudiantes que promocionaron en días establecidos previamente cada año, los cuales serán informados por  preceptores/as de cada carrera;</li>



<li>La libreta de estudiante queda firmada por el/la docente en la sección exámenes finales con la calificación con la que promocionaron.</li>
</ul>



<p><strong>Exámenes finales:</strong></p>



<ul>
<li>El/la estudiante podrá inscribirse para rendir examen final si cumplió con el 60% de asistencia a clase;</li>



<li>Si tiene la cursada aprobada;</li>



<li>Si tiene aprobadas las materias correlativas;</li>



<li>El/la estudiante podrá inscribirse optando por una única fecha por turno.&nbsp; Por ej. Si se anota en el primer llamado, no podrá inscribirse en el segundo una vez finalizado el período de inscripción;</li>



<li>Una vez finalizado el período de inscripción no podrá cambiarse de fecha;</li>



<li>Si decide no presentarse a rendir la evaluación final, deberá borrarse en el sistema SIVI 48 hs. antes de la fecha de examen.-</li>



<li>Materias libres<strong>: </strong>El/la estudiante libre se inscribirá solamente en el primer llamado. En ese llamado rendirá la primera instancia escrita y quedará automáticamente inscripto para que en el segundo llamado se tome el coloquio en forma oral para completar la evaluación final, si la instancia escrita fuese aprobada. Recién teniendo aprobadas las dos instancias quedará asentado en el acta la aprobación de la materia;</li>



<li>En caso que repruebe en el periodo noviembre-diciembre, podrá anotarse nuevamente en el periodo Febrero – Marzo, en la modalidad establecida en el punto Materias Libres. SI NO APROBASE EN ESTA INSTANCIA DEBERÁ RECURSAR LA MATERIA EN CUALQUIERA DE LAS MODALIDADES POSIBLES (Libre o Presencial)</li>
</ul>



<p style="font-size:40px"></p>



<p><strong>Cuadernillo de Ingreso Para Estudiantes</strong> descargar <a rel="noreferrer noopener" href="https://isfdyt48-bue.infd.edu.ar/sitio/wp-content/uploads/2021/09/cuadernillo-de-igreso-para-estudiantes.pdf" target="_blank">aquí</a></p>



<p style="font-size:40px"></p>



<p><strong>Sistema de Créditos:</strong></p>



<ul>
<li>El Consejo Académico Institucional y el Equipo de Conducción resuelven aprobar a partir del año 2017 un sistema de créditos que complementaría la formación docente y técnica.</li>



<li>Se acuerda en definir crédito académico como la unidad que mide el tiempo de formación del estudiante en Educación Superior en función de las competencias profesionales y académicas que se espera que el mismo desarrolle y que deben ser acreditadas de manera independiente del cursado de los espacios curriculares.</li>
</ul>



<p>Para descargar la Propuesta Institucional de Créditos click <a href="https://isfdyt48-bue.infd.edu.ar/sitio/wp-content/uploads/2022/04/Sistema-de-Creditos_2022.pdf" target="_blank" rel="noreferrer noopener">aquí</a></p>



<p>Para descargar la Planilla click <a href="https://isfdyt48-bue.infd.edu.ar/sitio/wp-content/uploads/2022/04/1-PLANILLA-CREDITOS-PARA-ALUMNOS.pdf" target="_blank" rel="noreferrer noopener">aquí</a></p>

<p>Matriculación: Materias Promocionales: Exámenes finales: Cuadernillo de Ingreso Para Estudiantes descargar aquí Sistema de Créditos: Para descargar la Propuesta Institucional de Créditos click aquí Para descargar la Planilla click aquí</p>
