{"id":5077,"date":"2022-11-09T10:17:02","date_gmt":"2022-11-09T13:17:02","guid":{"rendered":"https:\/\/isfdyt48-bue.infd.edu.ar\/sitio\/?page_id=5077"},"modified":"2024-05-10T09:23:59","modified_gmt":"2024-05-10T12:23:59","slug":"contenidos-minimos-edi-y-tfo","status":"publish","type":"page","link":"https:\/\/isfdyt48-bue.infd.edu.ar\/sitio\/contenidos-minimos-edi-y-tfo\/","title":{"rendered":"Contenidos M\u00ednimos EDI Y TFO"},"content":{"rendered":"\n<div style=\"height:38px\" aria-hidden=\"true\" class=\"wp-block-spacer\"><\/div>\n\n\n\n<p class=\"has-medium-font-size\">Profesorado de Educaci\u00f3n F\u00edsica<\/p>\n\n\n\n<figure class=\"wp-block-table\"><table class=\"has-fixed-layout\"><tbody><tr><td class=\"has-text-align-center\" data-align=\"center\">2\u00ba A\u00f1o<\/td><td class=\"has-text-align-center\" data-align=\"center\">3\u00ba A\u00f1o<\/td><td class=\"has-text-align-center\" data-align=\"center\">4\u00ba A\u00f1o<\/td><\/tr><tr><td class=\"has-text-align-center\" data-align=\"center\"><a href=\"https:\/\/isfdyt48-bue.infd.edu.ar\/sitio\/wp-content\/uploads\/2022\/11\/PFEF_TFO-Estrategias-en-la-ensenanza-de-la-natacion.pdf\" target=\"_blank\" rel=\"noreferrer noopener\">TFO &#8211; Nataci\u00f3n<\/a><\/td><td class=\"has-text-align-center\" data-align=\"center\"><a href=\"https:\/\/isfdyt48-bue.infd.edu.ar\/sitio\/wp-content\/uploads\/2022\/11\/PFEF_TFO-Atletismo.pdf\" target=\"_blank\" rel=\"noreferrer noopener\">TFO &#8211; Atletismo<\/a><\/td><td class=\"has-text-align-center\" data-align=\"center\"><a rel=\"noreferrer noopener\" href=\"https:\/\/isfdyt48-bue.infd.edu.ar\/sitio\/wp-content\/uploads\/2022\/11\/PFEF_TFO-Rugby-y-su-Ensenanza.pdf\" target=\"_blank\">TFO &#8211; Rugby y su Ense\u00f1anza<\/a><br><a href=\"https:\/\/isfdyt48-bue.infd.edu.ar\/sitio\/wp-content\/uploads\/2022\/11\/PFEF_TFO-Basquet-y-su-ensenanza.pdf\" target=\"_blank\" rel=\"noreferrer noopener\">TFO &#8211; Basquet y su Ense\u00f1anza<\/a><br><a href=\"https:\/\/isfdyt48-bue.infd.edu.ar\/sitio\/wp-content\/uploads\/2022\/11\/PFEF_TFO-EL-CAMPO-DE-LA-ADULTEZ-MAYOR-COMO-ESPACIO-OCUPACIONAL-PARA-LA-EDUCACION-FISICA.pdf\" target=\"_blank\" rel=\"noreferrer noopener\">TFO &#8211; El Campo de la Adultez Mayor<\/a><\/td><\/tr><\/tbody><\/table><\/figure>\n\n\n\n<p class=\"has-medium-font-size\">Profesorado de Educaci\u00f3n Primaria<\/p>\n\n\n\n<figure class=\"wp-block-table\"><table class=\"has-fixed-layout\"><tbody><tr><td class=\"has-text-align-center\" data-align=\"center\">1\u00ba A\u00f1o<\/td><td class=\"has-text-align-center\" data-align=\"center\">2\u00ba A\u00f1o<\/td><td class=\"has-text-align-center\" data-align=\"center\">3\u00ba A\u00f1o<\/td><\/tr><tr><td class=\"has-text-align-center\" data-align=\"center\"><a href=\"https:\/\/isfdyt48-bue.infd.edu.ar\/sitio\/wp-content\/uploads\/2022\/11\/TFO-Taller-de-Ciencias.pdf\" target=\"_blank\" rel=\"noreferrer noopener\">TFO &#8211; Taller de Ciencias<\/a><\/td><td class=\"has-text-align-center\" data-align=\"center\"><a href=\"https:\/\/isfdyt48-bue.infd.edu.ar\/sitio\/wp-content\/uploads\/2022\/11\/TFO-Abordaje-Alumnos-con-Discapacidad-en-Educacion-Primaria.pdf\" target=\"_blank\" rel=\"noreferrer noopener\">TFO &#8211; Abordaje de Alumnos con Discapacidad en Educaci\u00f3n Primaria<\/a><\/td><td class=\"has-text-align-center\" data-align=\"center\"><a href=\"https:\/\/isfdyt48-bue.infd.edu.ar\/sitio\/wp-content\/uploads\/2022\/11\/TFO-Historia-Argentina.pdf\" target=\"_blank\" rel=\"noreferrer noopener\">TFO &#8211; Historia Argentina<\/a><\/td><\/tr><\/tbody><\/table><\/figure>\n\n\n\n<p><\/p>\n\n\n\n<p>Profesorado de Biolog\u00eda<\/p>\n\n\n\n<figure class=\"wp-block-table\"><table class=\"has-fixed-layout\"><tbody><tr><td class=\"has-text-align-center\" data-align=\"center\">3\u00ba A\u00f1o<\/td><td class=\"has-text-align-center\" data-align=\"center\">4\u00ba A\u00f1o<\/td><\/tr><tr><td class=\"has-text-align-center\" data-align=\"center\"><a href=\"https:\/\/isfdyt48-bue.infd.edu.ar\/sitio\/wp-content\/uploads\/2022\/11\/PFNAT_EDI-I-La-expresion-oral-y-escrita-en-las-ciencias.pdf\" target=\"_blank\" rel=\"noreferrer noopener\">EDI &#8211; La Expresi\u00f3n Oral y Escrita en las Ciencias<\/a><\/td><td class=\"has-text-align-center\" data-align=\"center\"><a href=\"https:\/\/isfdyt48-bue.infd.edu.ar\/sitio\/wp-content\/uploads\/2022\/11\/PFNAT_EDI-II-EDUCACION-AMBIENTAL.pdf\" target=\"_blank\" rel=\"noreferrer noopener\">EDI &#8211; Educaci\u00f3n Ambiental<\/a><\/td><\/tr><\/tbody><\/table><\/figure>\n\n\n\n<p><\/p>\n\n\n\n<p>Profesorado de Ingles<\/p>\n\n\n\n<figure class=\"wp-block-table\"><table class=\"has-fixed-layout\"><tbody><tr><td class=\"has-text-align-center\" data-align=\"center\">4\u00ba A\u00f1o<\/td><\/tr><tr><td class=\"has-text-align-center\" data-align=\"center\"><a href=\"https:\/\/isfdyt48-bue.infd.edu.ar\/sitio\/wp-content\/uploads\/2022\/11\/EDI-Enfoque-intercultural-de-la-ensenanza-del-ingles..pdf\" target=\"_blank\" rel=\"noreferrer noopener\">EDI &#8211; Enfoque Intercultural de la Ense\u00f1anza del Ingles<\/a><\/td><\/tr><\/tbody><\/table><\/figure>\n\n\n\n<p><\/p>\n\n\n\n<p>Profesorado de Lengua y Literatura<\/p>\n\n\n\n<figure class=\"wp-block-table\"><table class=\"has-fixed-layout\"><tbody><tr><td class=\"has-text-align-center\" data-align=\"center\">4\u00ba A\u00f1o<\/td><\/tr><tr><td class=\"has-text-align-center\" data-align=\"center\"><a href=\"https:\/\/isfdyt48-bue.infd.edu.ar\/sitio\/wp-content\/uploads\/2022\/11\/ISFDY-T-N\u00b0-48_Prof-Lengua-y-Literatura_EDI_Critica-Textual.pdf\" target=\"_blank\" rel=\"noreferrer noopener\">EDI &#8211; Critica Textual<\/a><\/td><\/tr><\/tbody><\/table><\/figure>\n\n\n\n<p>Tecnicatura Superior en Administraci\u00f3n Contable<\/p>\n\n\n\n<figure class=\"wp-block-table\"><table class=\"has-fixed-layout\"><tbody><tr><td class=\"has-text-align-center\" data-align=\"center\">1\u00ba A\u00f1o<\/td><td class=\"has-text-align-center\" data-align=\"center\">2\u00ba A\u00f1o<\/td><td class=\"has-text-align-center\" data-align=\"center\">3\u00ba A\u00f1o<\/td><\/tr><tr><td class=\"has-text-align-center\" data-align=\"center\"><a href=\"https:\/\/isfdyt48-bue.infd.edu.ar\/sitio\/wp-content\/uploads\/2022\/12\/EDI-Recursos-Humanos.pdf\" target=\"_blank\" rel=\"noreferrer noopener\">EDI &#8211; Recursos Humanos<\/a><\/td><td class=\"has-text-align-center\" data-align=\"center\"><a href=\"https:\/\/isfdyt48-bue.infd.edu.ar\/sitio\/wp-content\/uploads\/2022\/12\/EDI-Etica-Profesional.pdf\" target=\"_blank\" rel=\"noreferrer noopener\">EDI &#8211; Etica Profesional<\/a><br><a href=\"https:\/\/isfdyt48-bue.infd.edu.ar\/sitio\/wp-content\/uploads\/2022\/12\/EDI-Emprendimientos-Productivos.pdf\" target=\"_blank\" rel=\"noreferrer noopener\">EDI &#8211; Emprendimientos Productivos<\/a><\/td><td class=\"has-text-align-center\" data-align=\"center\"><a href=\"https:\/\/isfdyt48-bue.infd.edu.ar\/sitio\/wp-content\/uploads\/2022\/12\/EDI-Informatica.pdf\" target=\"_blank\" rel=\"noreferrer noopener\">EDI &#8211; Inform\u00e1tica<\/a><br><a href=\"https:\/\/isfdyt48-bue.infd.edu.ar\/sitio\/wp-content\/uploads\/2022\/12\/EDI-Comercio-Exterior.pdf\" target=\"_blank\" rel=\"noreferrer noopener\">EDI &#8211; Comercio Exterior<\/a><\/td><\/tr><\/tbody><\/table><\/figure>\n\n\n\n<p><\/p>\n\n\n\n<p>Tecnicatura Superior en Comunicaci\u00f3n Multimedial<\/p>\n\n\n\n<figure class=\"wp-block-table\"><table class=\"has-fixed-layout\"><tbody><tr><td class=\"has-text-align-center\" data-align=\"center\">2\u00ba A\u00f1o<\/td><td class=\"has-text-align-center\" data-align=\"center\">3\u00ba A\u00f1o<\/td><\/tr><tr><td class=\"has-text-align-center\" data-align=\"center\"><a href=\"https:\/\/isfdyt48-bue.infd.edu.ar\/sitio\/wp-content\/uploads\/2022\/11\/TECMU_EDI-Practica-fotografica-y-post-proceso.pdf\" target=\"_blank\" rel=\"noreferrer noopener\">EDI &#8211; Pr\u00e1ctica Fotogr\u00e1fica<\/a><\/td><td class=\"has-text-align-center\" data-align=\"center\"><a href=\"https:\/\/isfdyt48-bue.infd.edu.ar\/sitio\/wp-content\/uploads\/2022\/11\/TECMU_EDI-Edicion-Digital.pdf\" target=\"_blank\" rel=\"noreferrer noopener\">EDI &#8211; Edicion Digital<\/a><\/td><\/tr><\/tbody><\/table><\/figure>\n\n\n\n<p><\/p>\n\n\n\n<p>Tecnicatura Superior en Trabajo Social<\/p>\n\n\n\n<figure class=\"wp-block-table\"><table class=\"has-fixed-layout\"><tbody><tr><td class=\"has-text-align-center\" data-align=\"center\">1\u00ba A\u00f1o<\/td><td class=\"has-text-align-center\" data-align=\"center\">2\u00ba A\u00f1o<\/td><td class=\"has-text-align-center\" data-align=\"center\">3\u00ba A\u00f1o<\/td><td class=\"has-text-align-center\" data-align=\"center\">4\u00ba A\u00f1o<\/td><\/tr><tr><td class=\"has-text-align-center\" data-align=\"center\"><a href=\"https:\/\/isfdyt48-bue.infd.edu.ar\/sitio\/wp-content\/uploads\/2022\/11\/TECTS_EDI-I-La-Expresion-Oral-y-Escrita-del-Profesional-de-Trabajo-Social.pdf\" target=\"_blank\" rel=\"noreferrer noopener\">EDI &#8211; La Expresi\u00f3n Oral y Escrita en el Profesional de Trabajo Social<\/a><\/td><td class=\"has-text-align-center\" data-align=\"center\"><a href=\"https:\/\/isfdyt48-bue.infd.edu.ar\/sitio\/wp-content\/uploads\/2022\/11\/TECTS_EDI-II-Intervencion-del-Trabajo-Social-en-el-ambito-educativo.pdf\" target=\"_blank\" rel=\"noreferrer noopener\">EDI &#8211; Intervenci\u00f3n del Trabajo Social en el \u00c1mbito Educativo<\/a><\/td><td class=\"has-text-align-center\" data-align=\"center\"><a href=\"https:\/\/isfdyt48-bue.infd.edu.ar\/sitio\/wp-content\/uploads\/2022\/11\/TECTS_EDI-III-Soberania-Alimetaria-y-procesos-de-organizacion-colectiva.pdf\" target=\"_blank\" rel=\"noreferrer noopener\">EDI &#8211; Soberan\u00eda Alimentaria y Organizaciones colectivas<\/a><\/td><td class=\"has-text-align-center\" data-align=\"center\"><a href=\"https:\/\/isfdyt48-bue.infd.edu.ar\/sitio\/wp-content\/uploads\/2022\/11\/TECTS_EDI-IV-EDI-IV-Perspectiva-de-genero-y-Trabajo-Social.pdf\" target=\"_blank\" rel=\"noreferrer noopener\">EDI &#8211; Perspectiva de G\u00e9nero y Trabajo Social<\/a><\/td><\/tr><\/tbody><\/table><\/figure>\n\n\n\n<p><\/p>\n\n\n\n<p>Tecnicatura Superior en Servicios Gastron\u00f3micos<\/p>\n\n\n\n<figure class=\"wp-block-table\"><table class=\"has-fixed-layout\"><tbody><tr><td class=\"has-text-align-center\" data-align=\"center\">1\u00ba A\u00f1o<\/td><\/tr><tr><td class=\"has-text-align-center\" data-align=\"center\"><a href=\"https:\/\/isfdyt48-bue.infd.edu.ar\/sitio\/wp-content\/uploads\/2024\/05\/Gatronomia_propuesta-de-EDI_Produccion-de-contenido-multimedia.pdf\" target=\"_blank\" rel=\"noreferrer noopener\">EDI &#8211; Producci\u00f3n de Contenido Multimedia<\/a><\/td><\/tr><\/tbody><\/table><\/figure>\n\n\n\n<p><\/p>\n\n\n\n<p><\/p>\n","protected":false},"excerpt":{"rendered":"<p>Profesorado de Educaci\u00f3n F\u00edsica 2\u00ba A\u00f1o 3\u00ba A\u00f1o 4\u00ba A\u00f1o TFO &#8211; Nataci\u00f3n TFO &#8211; Atletismo TFO &#8211; Rugby y su Ense\u00f1anzaTFO &#8211; Basquet y su Ense\u00f1anzaTFO &#8211; El Campo de la Adultez Mayor Profesorado de Educaci\u00f3n Primaria 1\u00ba A\u00f1o 2\u00ba A\u00f1o 3\u00ba A\u00f1o TFO &#8211; Taller de Ciencias TFO &#8211; Abordaje de Alumnos con &#8230; <a title=\"Contenidos M\u00ednimos EDI Y TFO\" class=\"read-more\" href=\"https:\/\/isfdyt48-bue.infd.edu.ar\/sitio\/contenidos-minimos-edi-y-tfo\/\" aria-label=\"More on Contenidos M\u00ednimos EDI Y TFO\">[+]<\/a><\/p>\n","protected":false},"author":618,"featured_media":0,"parent":0,"menu_order":0,"comment_status":"closed","ping_status":"closed","template":"","meta":[],"acf":[],"_links":{"self":[{"href":"https:\/\/isfdyt48-bue.infd.edu.ar\/sitio\/wp-json\/wp\/v2\/pages\/5077"}],"collection":[{"href":"https:\/\/isfdyt48-bue.infd.edu.ar\/sitio\/wp-json\/wp\/v2\/pages"}],"about":[{"href":"https:\/\/isfdyt48-bue.infd.edu.ar\/sitio\/wp-json\/wp\/v2\/types\/page"}],"author":[{"embeddable":true,"href":"https:\/\/isfdyt48-bue.infd.edu.ar\/sitio\/wp-json\/wp\/v2\/users\/618"}],"replies":[{"embeddable":true,"href":"https:\/\/isfdyt48-bue.infd.edu.ar\/sitio\/wp-json\/wp\/v2\/comments?post=5077"}],"version-history":[{"count":15,"href":"https:\/\/isfdyt48-bue.infd.edu.ar\/sitio\/wp-json\/wp\/v2\/pages\/5077\/revisions"}],"predecessor-version":[{"id":5357,"href":"https:\/\/isfdyt48-bue.infd.edu.ar\/sitio\/wp-json\/wp\/v2\/pages\/5077\/revisions\/5357"}],"wp:attachment":[{"href":"https:\/\/isfdyt48-bue.infd.edu.ar\/sitio\/wp-json\/wp\/v2\/media?parent=5077"}],"curies":[{"name":"wp","href":"https:\/\/api.w.org\/{rel}","templated":true}]}}

Contenidos Mínimos EDI Y TFO

<div style="height:38px" aria-hidden="true" class="wp-block-spacer"></div>



<p class="has-medium-font-size">Profesorado de Educación Física</p>



<figure class="wp-block-table"><table class="has-fixed-layout"><tbody><tr><td class="has-text-align-center" data-align="center">2º Año</td><td class="has-text-align-center" data-align="center">3º Año</td><td class="has-text-align-center" data-align="center">4º Año</td></tr><tr><td class="has-text-align-center" data-align="center"><a href="https://isfdyt48-bue.infd.edu.ar/sitio/wp-content/uploads/2022/11/PFEF_TFO-Estrategias-en-la-ensenanza-de-la-natacion.pdf" target="_blank" rel="noreferrer noopener">TFO &#8211; Natación</a></td><td class="has-text-align-center" data-align="center"><a href="https://isfdyt48-bue.infd.edu.ar/sitio/wp-content/uploads/2022/11/PFEF_TFO-Atletismo.pdf" target="_blank" rel="noreferrer noopener">TFO &#8211; Atletismo</a></td><td class="has-text-align-center" data-align="center"><a rel="noreferrer noopener" href="https://isfdyt48-bue.infd.edu.ar/sitio/wp-content/uploads/2022/11/PFEF_TFO-Rugby-y-su-Ensenanza.pdf" target="_blank">TFO &#8211; Rugby y su Enseñanza</a><br><a href="https://isfdyt48-bue.infd.edu.ar/sitio/wp-content/uploads/2022/11/PFEF_TFO-Basquet-y-su-ensenanza.pdf" target="_blank" rel="noreferrer noopener">TFO &#8211; Basquet y su Enseñanza</a><br><a href="https://isfdyt48-bue.infd.edu.ar/sitio/wp-content/uploads/2022/11/PFEF_TFO-EL-CAMPO-DE-LA-ADULTEZ-MAYOR-COMO-ESPACIO-OCUPACIONAL-PARA-LA-EDUCACION-FISICA.pdf" target="_blank" rel="noreferrer noopener">TFO &#8211; El Campo de la Adultez Mayor</a></td></tr></tbody></table></figure>



<p class="has-medium-font-size">Profesorado de Educación Primaria</p>



<figure class="wp-block-table"><table class="has-fixed-layout"><tbody><tr><td class="has-text-align-center" data-align="center">1º Año</td><td class="has-text-align-center" data-align="center">2º Año</td><td class="has-text-align-center" data-align="center">3º Año</td></tr><tr><td class="has-text-align-center" data-align="center"><a href="https://isfdyt48-bue.infd.edu.ar/sitio/wp-content/uploads/2022/11/TFO-Taller-de-Ciencias.pdf" target="_blank" rel="noreferrer noopener">TFO &#8211; Taller de Ciencias</a></td><td class="has-text-align-center" data-align="center"><a href="https://isfdyt48-bue.infd.edu.ar/sitio/wp-content/uploads/2022/11/TFO-Abordaje-Alumnos-con-Discapacidad-en-Educacion-Primaria.pdf" target="_blank" rel="noreferrer noopener">TFO &#8211; Abordaje de Alumnos con Discapacidad en Educación Primaria</a></td><td class="has-text-align-center" data-align="center"><a href="https://isfdyt48-bue.infd.edu.ar/sitio/wp-content/uploads/2022/11/TFO-Historia-Argentina.pdf" target="_blank" rel="noreferrer noopener">TFO &#8211; Historia Argentina</a></td></tr></tbody></table></figure>



<p></p>



<p>Profesorado de Biología</p>



<figure class="wp-block-table"><table class="has-fixed-layout"><tbody><tr><td class="has-text-align-center" data-align="center">3º Año</td><td class="has-text-align-center" data-align="center">4º Año</td></tr><tr><td class="has-text-align-center" data-align="center"><a href="https://isfdyt48-bue.infd.edu.ar/sitio/wp-content/uploads/2022/11/PFNAT_EDI-I-La-expresion-oral-y-escrita-en-las-ciencias.pdf" target="_blank" rel="noreferrer noopener">EDI &#8211; La Expresión Oral y Escrita en las Ciencias</a></td><td class="has-text-align-center" data-align="center"><a href="https://isfdyt48-bue.infd.edu.ar/sitio/wp-content/uploads/2022/11/PFNAT_EDI-II-EDUCACION-AMBIENTAL.pdf" target="_blank" rel="noreferrer noopener">EDI &#8211; Educación Ambiental</a></td></tr></tbody></table></figure>



<p></p>



<p>Profesorado de Ingles</p>



<figure class="wp-block-table"><table class="has-fixed-layout"><tbody><tr><td class="has-text-align-center" data-align="center">4º Año</td></tr><tr><td class="has-text-align-center" data-align="center"><a href="https://isfdyt48-bue.infd.edu.ar/sitio/wp-content/uploads/2022/11/EDI-Enfoque-intercultural-de-la-ensenanza-del-ingles..pdf" target="_blank" rel="noreferrer noopener">EDI &#8211; Enfoque Intercultural de la Enseñanza del Ingles</a></td></tr></tbody></table></figure>



<p></p>



<p>Profesorado de Lengua y Literatura</p>



<figure class="wp-block-table"><table class="has-fixed-layout"><tbody><tr><td class="has-text-align-center" data-align="center">4º Año</td></tr><tr><td class="has-text-align-center" data-align="center"><a href="https://isfdyt48-bue.infd.edu.ar/sitio/wp-content/uploads/2022/11/ISFDY-T-N°-48_Prof-Lengua-y-Literatura_EDI_Critica-Textual.pdf" target="_blank" rel="noreferrer noopener">EDI &#8211; Critica Textual</a></td></tr></tbody></table></figure>



<p>Tecnicatura Superior en Administración Contable</p>



<figure class="wp-block-table"><table class="has-fixed-layout"><tbody><tr><td class="has-text-align-center" data-align="center">1º Año</td><td class="has-text-align-center" data-align="center">2º Año</td><td class="has-text-align-center" data-align="center">3º Año</td></tr><tr><td class="has-text-align-center" data-align="center"><a href="https://isfdyt48-bue.infd.edu.ar/sitio/wp-content/uploads/2022/12/EDI-Recursos-Humanos.pdf" target="_blank" rel="noreferrer noopener">EDI &#8211; Recursos Humanos</a></td><td class="has-text-align-center" data-align="center"><a href="https://isfdyt48-bue.infd.edu.ar/sitio/wp-content/uploads/2022/12/EDI-Etica-Profesional.pdf" target="_blank" rel="noreferrer noopener">EDI &#8211; Etica Profesional</a><br><a href="https://isfdyt48-bue.infd.edu.ar/sitio/wp-content/uploads/2022/12/EDI-Emprendimientos-Productivos.pdf" target="_blank" rel="noreferrer noopener">EDI &#8211; Emprendimientos Productivos</a></td><td class="has-text-align-center" data-align="center"><a href="https://isfdyt48-bue.infd.edu.ar/sitio/wp-content/uploads/2022/12/EDI-Informatica.pdf" target="_blank" rel="noreferrer noopener">EDI &#8211; Informática</a><br><a href="https://isfdyt48-bue.infd.edu.ar/sitio/wp-content/uploads/2022/12/EDI-Comercio-Exterior.pdf" target="_blank" rel="noreferrer noopener">EDI &#8211; Comercio Exterior</a></td></tr></tbody></table></figure>



<p></p>



<p>Tecnicatura Superior en Comunicación Multimedial</p>



<figure class="wp-block-table"><table class="has-fixed-layout"><tbody><tr><td class="has-text-align-center" data-align="center">2º Año</td><td class="has-text-align-center" data-align="center">3º Año</td></tr><tr><td class="has-text-align-center" data-align="center"><a href="https://isfdyt48-bue.infd.edu.ar/sitio/wp-content/uploads/2022/11/TECMU_EDI-Practica-fotografica-y-post-proceso.pdf" target="_blank" rel="noreferrer noopener">EDI &#8211; Práctica Fotográfica</a></td><td class="has-text-align-center" data-align="center"><a href="https://isfdyt48-bue.infd.edu.ar/sitio/wp-content/uploads/2022/11/TECMU_EDI-Edicion-Digital.pdf" target="_blank" rel="noreferrer noopener">EDI &#8211; Edicion Digital</a></td></tr></tbody></table></figure>



<p></p>



<p>Tecnicatura Superior en Trabajo Social</p>



<figure class="wp-block-table"><table class="has-fixed-layout"><tbody><tr><td class="has-text-align-center" data-align="center">1º Año</td><td class="has-text-align-center" data-align="center">2º Año</td><td class="has-text-align-center" data-align="center">3º Año</td><td class="has-text-align-center" data-align="center">4º Año</td></tr><tr><td class="has-text-align-center" data-align="center"><a href="https://isfdyt48-bue.infd.edu.ar/sitio/wp-content/uploads/2022/11/TECTS_EDI-I-La-Expresion-Oral-y-Escrita-del-Profesional-de-Trabajo-Social.pdf" target="_blank" rel="noreferrer noopener">EDI &#8211; La Expresión Oral y Escrita en el Profesional de Trabajo Social</a></td><td class="has-text-align-center" data-align="center"><a href="https://isfdyt48-bue.infd.edu.ar/sitio/wp-content/uploads/2022/11/TECTS_EDI-II-Intervencion-del-Trabajo-Social-en-el-ambito-educativo.pdf" target="_blank" rel="noreferrer noopener">EDI &#8211; Intervención del Trabajo Social en el Ámbito Educativo</a></td><td class="has-text-align-center" data-align="center"><a href="https://isfdyt48-bue.infd.edu.ar/sitio/wp-content/uploads/2022/11/TECTS_EDI-III-Soberania-Alimetaria-y-procesos-de-organizacion-colectiva.pdf" target="_blank" rel="noreferrer noopener">EDI &#8211; Soberanía Alimentaria y Organizaciones colectivas</a></td><td class="has-text-align-center" data-align="center"><a href="https://isfdyt48-bue.infd.edu.ar/sitio/wp-content/uploads/2022/11/TECTS_EDI-IV-EDI-IV-Perspectiva-de-genero-y-Trabajo-Social.pdf" target="_blank" rel="noreferrer noopener">EDI &#8211; Perspectiva de Género y Trabajo Social</a></td></tr></tbody></table></figure>



<p></p>



<p>Tecnicatura Superior en Servicios Gastronómicos</p>



<figure class="wp-block-table"><table class="has-fixed-layout"><tbody><tr><td class="has-text-align-center" data-align="center">1º Año</td></tr><tr><td class="has-text-align-center" data-align="center"><a href="https://isfdyt48-bue.infd.edu.ar/sitio/wp-content/uploads/2024/05/Gatronomia_propuesta-de-EDI_Produccion-de-contenido-multimedia.pdf" target="_blank" rel="noreferrer noopener">EDI &#8211; Producción de Contenido Multimedia</a></td></tr></tbody></table></figure>



<p></p>



<p></p>

<p>Profesorado de Educación Física 2º Año 3º Año 4º Año TFO &#8211; Natación TFO &#8211; Atletismo TFO &#8211; Rugby y su EnseñanzaTFO &#8211; Basquet y su EnseñanzaTFO &#8211; El Campo de la Adultez Mayor Profesorado de Educación Primaria 1º Año 2º Año 3º Año TFO &#8211; Taller de Ciencias TFO &#8211; Abordaje de Alumnos con &#8230; <a title="Contenidos Mínimos EDI Y TFO" class="read-more" href="https://isfdyt48-bue.infd.edu.ar/sitio/contenidos-minimos-edi-y-tfo/" aria-label="More on Contenidos Mínimos EDI Y TFO">[+]</a></p>
