{"id":5386,"date":"2024-08-28T09:52:43","date_gmt":"2024-08-28T12:52:43","guid":{"rendered":"https:\/\/isfdyt48-bue.infd.edu.ar\/sitio\/?page_id=5386"},"modified":"2024-08-28T09:52:44","modified_gmt":"2024-08-28T12:52:44","slug":"tecnicatura-superior-en-administracion-contable-plan-nuevo","status":"publish","type":"page","link":"https:\/\/isfdyt48-bue.infd.edu.ar\/sitio\/tecnicatura-superior-en-administracion-contable-plan-nuevo\/","title":{"rendered":"Tecnicatura Superior en Administraci\u00f3n Contable Plan Nuevo"},"content":{"rendered":"\n<p><strong>Tecnicatura Superior en Administraci\u00f3n Contable<\/strong>\u00a0\u2013 Plan Nuevo \u2013<\/p>\n\n\n\n<p><strong>RM 4561\/23<\/strong><\/p>\n\n\n\n<p><strong>Carga Horaria Total 1824 Hs<\/strong><\/p>\n\n\n<div class=\"wp-block-image\">\n<figure class=\"aligncenter size-full is-resized\"><img decoding=\"async\" loading=\"lazy\" src=\"https:\/\/isfdyt48-bue.infd.edu.ar\/sitio\/wp-content\/uploads\/2024\/08\/Plan-de-Estudios_Administracion-Contable-Nuevo-Plan.jpg\" alt=\"\" class=\"wp-image-5387\" width=\"770\" height=\"440\" srcset=\"https:\/\/isfdyt48-bue.infd.edu.ar\/sitio\/wp-content\/uploads\/2024\/08\/Plan-de-Estudios_Administracion-Contable-Nuevo-Plan.jpg 770w, https:\/\/isfdyt48-bue.infd.edu.ar\/sitio\/wp-content\/uploads\/2024\/08\/Plan-de-Estudios_Administracion-Contable-Nuevo-Plan-768x439.jpg 768w\" sizes=\"(max-width: 770px) 100vw, 770px\" \/><\/figure><\/div>\n\n\n<p>Podes descargarlo <a href=\"https:\/\/isfdyt48-bue.infd.edu.ar\/sitio\/wp-content\/uploads\/2024\/08\/Plan-de-Estudios_Administracion-Contable-Nuevo-Plan.jpg\" target=\"_blank\" rel=\"noreferrer noopener\">aqu\u00ed<\/a><\/p>\n\n\n<div class=\"wp-block-image\">\n<figure class=\"aligncenter size-full is-resized\"><img decoding=\"async\" loading=\"lazy\" src=\"https:\/\/isfdyt48-bue.infd.edu.ar\/sitio\/wp-content\/uploads\/2024\/08\/Correlatividades_Administracion-Contable-Nuevo-1.jpg\" alt=\"\" class=\"wp-image-5393\" width=\"678\" height=\"623\" srcset=\"https:\/\/isfdyt48-bue.infd.edu.ar\/sitio\/wp-content\/uploads\/2024\/08\/Correlatividades_Administracion-Contable-Nuevo-1.jpg 904w, https:\/\/isfdyt48-bue.infd.edu.ar\/sitio\/wp-content\/uploads\/2024\/08\/Correlatividades_Administracion-Contable-Nuevo-1-768x705.jpg 768w\" sizes=\"(max-width: 678px) 100vw, 678px\" \/><\/figure><\/div>\n\n\n<p>Podes descargarlo <a href=\"https:\/\/isfdyt48-bue.infd.edu.ar\/sitio\/wp-content\/uploads\/2024\/08\/Correlatividades_Administracion-Contable-Nuevo-1.jpg\" target=\"_blank\" rel=\"noreferrer noopener\">aqu\u00ed<\/a><\/p>\n\n\n\n<p><a href=\"https:\/\/isfdyt48-bue.infd.edu.ar\/sitio\/wp-content\/uploads\/2024\/08\/tecnicatura-superior-en-administracion-contable-diseno-2024.pdf\" target=\"_blank\" rel=\"noreferrer noopener\">Descargar Dise\u00f1o Curricular<\/a><\/p>\n","protected":false},"excerpt":{"rendered":"<p>Tecnicatura Superior en Administraci\u00f3n Contable\u00a0\u2013 Plan Nuevo \u2013 RM 4561\/23 Carga Horaria Total 1824 Hs Podes descargarlo aqu\u00ed Podes descargarlo aqu\u00ed Descargar Dise\u00f1o Curricular<\/p>\n","protected":false},"author":618,"featured_media":0,"parent":0,"menu_order":0,"comment_status":"closed","ping_status":"closed","template":"","meta":[],"acf":[],"_links":{"self":[{"href":"https:\/\/isfdyt48-bue.infd.edu.ar\/sitio\/wp-json\/wp\/v2\/pages\/5386"}],"collection":[{"href":"https:\/\/isfdyt48-bue.infd.edu.ar\/sitio\/wp-json\/wp\/v2\/pages"}],"about":[{"href":"https:\/\/isfdyt48-bue.infd.edu.ar\/sitio\/wp-json\/wp\/v2\/types\/page"}],"author":[{"embeddable":true,"href":"https:\/\/isfdyt48-bue.infd.edu.ar\/sitio\/wp-json\/wp\/v2\/users\/618"}],"replies":[{"embeddable":true,"href":"https:\/\/isfdyt48-bue.infd.edu.ar\/sitio\/wp-json\/wp\/v2\/comments?post=5386"}],"version-history":[{"count":2,"href":"https:\/\/isfdyt48-bue.infd.edu.ar\/sitio\/wp-json\/wp\/v2\/pages\/5386\/revisions"}],"predecessor-version":[{"id":5611,"href":"https:\/\/isfdyt48-bue.infd.edu.ar\/sitio\/wp-json\/wp\/v2\/pages\/5386\/revisions\/5611"}],"wp:attachment":[{"href":"https:\/\/isfdyt48-bue.infd.edu.ar\/sitio\/wp-json\/wp\/v2\/media?parent=5386"}],"curies":[{"name":"wp","href":"https:\/\/api.w.org\/{rel}","templated":true}]}}